{"id":21,"date":"2014-09-01T17:11:53","date_gmt":"2014-09-01T15:11:53","guid":{"rendered":"https:\/\/www.centre-commercial.fr\/sept-chemins\/boutique\/franck-provost\/"},"modified":"2025-03-27T11:28:56","modified_gmt":"2025-03-27T10:28:56","slug":"franck-provost","status":"publish","type":"boutique","link":"https:\/\/www.centre-commercial.fr\/sept-chemins\/boutique\/franck-provost\/","title":{"rendered":"Franck Provost"},"content":{"rendered":"<p style=\"text-align: center\">\n<p style=\"text-align: center\"><strong>Depuis plus de 40 ans,\u00a0<em>Franck Provost<\/em>\u00a0r\u00e9invente son m\u00e9tier avec passion, pour que la beaut\u00e9 soit pour toutes les femmes un luxe accessible<\/strong><\/p>\n<p style=\"text-align: center\"><span>Vos cheveux sont fatigu\u00e9s, votre coupe pas assez travaill\u00e9e, votre frange trop peu effil\u00e9e ?<br \/>\nAllez \u00e0 la rencontre des coiffeurs-stylistes du salon Franck Provost. <\/span><span>Ces derniers sauront prendre vos cheveux en main tout en vous offrant un moment de d\u00e9tente et de bien-\u00eatre incomparable.<\/span><\/p>\n","protected":false},"author":14,"featured_media":4520,"template":"","categorie-boutique":[161],"class_list":["post-21","boutique","type-boutique","status-publish","has-post-thumbnail","hentry","categorie-boutique-beaute-sante"],"acf":[],"yoast_head":"<!-- This site is optimized with the Yoast SEO plugin v27.7 - https:\/\/yoast.com\/product\/yoast-seo-wordpress\/ -->\n<title>Franck Provost - Centre commercial Les Sept Chemins<\/title>\n<meta name=\"description\" content=\"Depuis plus de 40 ans, Franck Provost r\u00e9invente son m\u00e9tier avec passion, pour que la beaut\u00e9 soit pour toutes les femmes un luxe accessible.\" \/>\n<meta name=\"robots\" content=\"index, follow, max-snippet:-1, max-image-preview:large, max-video-preview:-1\" \/>\n<link rel=\"canonical\" href=\"https:\/\/www.centre-commercial.fr\/sept-chemins\/boutique\/franck-provost\/\" \/>\n<meta property=\"og:locale\" content=\"fr_FR\" \/>\n<meta property=\"og:type\" content=\"article\" \/>\n<meta property=\"og:title\" content=\"Franck Provost - Centre commercial Les Sept Chemins\" \/>\n<meta property=\"og:description\" content=\"Depuis plus de 40 ans, Franck Provost r\u00e9invente son m\u00e9tier avec passion, pour que la beaut\u00e9 soit pour toutes les femmes un luxe accessible.\" \/>\n<meta property=\"og:url\" content=\"https:\/\/www.centre-commercial.fr\/sept-chemins\/boutique\/franck-provost\/\" \/>\n<meta property=\"og:site_name\" content=\"Centre commercial Les Sept Chemins\" \/>\n<meta property=\"article:modified_time\" content=\"2025-03-27T10:28:56+00:00\" \/>\n<meta property=\"og:image\" content=\"https:\/\/www.centre-commercial.fr\/sept-chemins\/wp-content\/uploads\/sites\/15\/2014\/09\/FRANCK-PROVOST-240x180px.png\" \/>\n\t<meta property=\"og:image:width\" content=\"240\" \/>\n\t<meta property=\"og:image:height\" content=\"180\" \/>\n\t<meta property=\"og:image:type\" content=\"image\/png\" \/>\n<meta name=\"twitter:card\" content=\"summary_large_image\" \/>\n<meta name=\"twitter:label1\" content=\"Dur\u00e9e de lecture estim\u00e9e\" \/>\n\t<meta name=\"twitter:data1\" content=\"1 minute\" \/>\n<script type=\"application\/ld+json\" class=\"yoast-schema-graph\">{\"@context\":\"https:\\\/\\\/schema.org\",\"@graph\":[{\"@type\":\"WebPage\",\"@id\":\"https:\\\/\\\/www.centre-commercial.fr\\\/sept-chemins\\\/boutique\\\/franck-provost\\\/\",\"url\":\"https:\\\/\\\/www.centre-commercial.fr\\\/sept-chemins\\\/boutique\\\/franck-provost\\\/\",\"name\":\"Franck Provost - Centre commercial Les Sept Chemins\",\"isPartOf\":{\"@id\":\"https:\\\/\\\/www.centre-commercial.fr\\\/sept-chemins\\\/#website\"},\"primaryImageOfPage\":{\"@id\":\"https:\\\/\\\/www.centre-commercial.fr\\\/sept-chemins\\\/boutique\\\/franck-provost\\\/#primaryimage\"},\"image\":{\"@id\":\"https:\\\/\\\/www.centre-commercial.fr\\\/sept-chemins\\\/boutique\\\/franck-provost\\\/#primaryimage\"},\"thumbnailUrl\":\"https:\\\/\\\/www.centre-commercial.fr\\\/sept-chemins\\\/wp-content\\\/uploads\\\/sites\\\/15\\\/2014\\\/09\\\/FRANCK-PROVOST-240x180px.png\",\"datePublished\":\"2014-09-01T15:11:53+00:00\",\"dateModified\":\"2025-03-27T10:28:56+00:00\",\"description\":\"Depuis plus de 40 ans, Franck Provost r\u00e9invente son m\u00e9tier avec passion, pour que la beaut\u00e9 soit pour toutes les femmes un luxe accessible.\",\"breadcrumb\":{\"@id\":\"https:\\\/\\\/www.centre-commercial.fr\\\/sept-chemins\\\/boutique\\\/franck-provost\\\/#breadcrumb\"},\"inLanguage\":\"fr-FR\",\"potentialAction\":[{\"@type\":\"ReadAction\",\"target\":[\"https:\\\/\\\/www.centre-commercial.fr\\\/sept-chemins\\\/boutique\\\/franck-provost\\\/\"]}]},{\"@type\":\"ImageObject\",\"inLanguage\":\"fr-FR\",\"@id\":\"https:\\\/\\\/www.centre-commercial.fr\\\/sept-chemins\\\/boutique\\\/franck-provost\\\/#primaryimage\",\"url\":\"https:\\\/\\\/www.centre-commercial.fr\\\/sept-chemins\\\/wp-content\\\/uploads\\\/sites\\\/15\\\/2014\\\/09\\\/FRANCK-PROVOST-240x180px.png\",\"contentUrl\":\"https:\\\/\\\/www.centre-commercial.fr\\\/sept-chemins\\\/wp-content\\\/uploads\\\/sites\\\/15\\\/2014\\\/09\\\/FRANCK-PROVOST-240x180px.png\",\"width\":240,\"height\":180},{\"@type\":\"BreadcrumbList\",\"@id\":\"https:\\\/\\\/www.centre-commercial.fr\\\/sept-chemins\\\/boutique\\\/franck-provost\\\/#breadcrumb\",\"itemListElement\":[{\"@type\":\"ListItem\",\"position\":1,\"name\":\"Accueil\",\"item\":\"https:\\\/\\\/www.centre-commercial.fr\\\/sept-chemins\\\/\"},{\"@type\":\"ListItem\",\"position\":2,\"name\":\"Boutiques\",\"item\":\"https:\\\/\\\/www.centre-commercial.fr\\\/sept-chemins\\\/boutiques\\\/\"},{\"@type\":\"ListItem\",\"position\":3,\"name\":\"Franck Provost\",\"item\":\"https:\\\/\\\/www.centre-commercial.fr\\\/sept-chemins\\\/boutique\\\/franck-provost\\\/\"}]},{\"@type\":\"WebSite\",\"@id\":\"https:\\\/\\\/www.centre-commercial.fr\\\/sept-chemins\\\/#website\",\"url\":\"https:\\\/\\\/www.centre-commercial.fr\\\/sept-chemins\\\/\",\"name\":\"Centre commercial Les Sept Chemins\",\"description\":\"C&#039;est l\u00e0 que \u00e7a se passe !\",\"publisher\":{\"@id\":\"https:\\\/\\\/www.centre-commercial.fr\\\/sept-chemins\\\/#organization\"},\"potentialAction\":[{\"@type\":\"SearchAction\",\"target\":{\"@type\":\"EntryPoint\",\"urlTemplate\":\"https:\\\/\\\/www.centre-commercial.fr\\\/sept-chemins\\\/?s={search_term_string}\"},\"query-input\":{\"@type\":\"PropertyValueSpecification\",\"valueRequired\":true,\"valueName\":\"search_term_string\"}}],\"inLanguage\":\"fr-FR\"},{\"@type\":\"Organization\",\"@id\":\"https:\\\/\\\/www.centre-commercial.fr\\\/sept-chemins\\\/#organization\",\"name\":\"Centre commercial Les Sept Chemins\",\"url\":\"https:\\\/\\\/www.centre-commercial.fr\\\/sept-chemins\\\/\",\"logo\":{\"@type\":\"ImageObject\",\"inLanguage\":\"fr-FR\",\"@id\":\"https:\\\/\\\/www.centre-commercial.fr\\\/sept-chemins\\\/#\\\/schema\\\/logo\\\/image\\\/\",\"url\":\"https:\\\/\\\/www.centre-commercial.fr\\\/sept-chemins\\\/wp-content\\\/uploads\\\/sites\\\/15\\\/2019\\\/07\\\/Logo_7C_RVB_FB-5.jpg\",\"contentUrl\":\"https:\\\/\\\/www.centre-commercial.fr\\\/sept-chemins\\\/wp-content\\\/uploads\\\/sites\\\/15\\\/2019\\\/07\\\/Logo_7C_RVB_FB-5.jpg\",\"width\":180,\"height\":180,\"caption\":\"Centre commercial Les Sept Chemins\"},\"image\":{\"@id\":\"https:\\\/\\\/www.centre-commercial.fr\\\/sept-chemins\\\/#\\\/schema\\\/logo\\\/image\\\/\"}}]}<\/script>\n<!-- \/ Yoast SEO plugin. -->","yoast_head_json":{"title":"Franck Provost - Centre commercial Les Sept Chemins","description":"Depuis plus de 40 ans, Franck Provost r\u00e9invente son m\u00e9tier avec passion, pour que la beaut\u00e9 soit pour toutes les femmes un luxe accessible.","robots":{"index":"index","follow":"follow","max-snippet":"max-snippet:-1","max-image-preview":"max-image-preview:large","max-video-preview":"max-video-preview:-1"},"canonical":"https:\/\/www.centre-commercial.fr\/sept-chemins\/boutique\/franck-provost\/","og_locale":"fr_FR","og_type":"article","og_title":"Franck Provost - Centre commercial Les Sept Chemins","og_description":"Depuis plus de 40 ans, Franck Provost r\u00e9invente son m\u00e9tier avec passion, pour que la beaut\u00e9 soit pour toutes les femmes un luxe accessible.","og_url":"https:\/\/www.centre-commercial.fr\/sept-chemins\/boutique\/franck-provost\/","og_site_name":"Centre commercial Les Sept Chemins","article_modified_time":"2025-03-27T10:28:56+00:00","og_image":[{"width":240,"height":180,"url":"https:\/\/www.centre-commercial.fr\/sept-chemins\/wp-content\/uploads\/sites\/15\/2014\/09\/FRANCK-PROVOST-240x180px.png","type":"image\/png"}],"twitter_card":"summary_large_image","twitter_misc":{"Dur\u00e9e de lecture estim\u00e9e":"1 minute"},"schema":{"@context":"https:\/\/schema.org","@graph":[{"@type":"WebPage","@id":"https:\/\/www.centre-commercial.fr\/sept-chemins\/boutique\/franck-provost\/","url":"https:\/\/www.centre-commercial.fr\/sept-chemins\/boutique\/franck-provost\/","name":"Franck Provost - Centre commercial Les Sept Chemins","isPartOf":{"@id":"https:\/\/www.centre-commercial.fr\/sept-chemins\/#website"},"primaryImageOfPage":{"@id":"https:\/\/www.centre-commercial.fr\/sept-chemins\/boutique\/franck-provost\/#primaryimage"},"image":{"@id":"https:\/\/www.centre-commercial.fr\/sept-chemins\/boutique\/franck-provost\/#primaryimage"},"thumbnailUrl":"https:\/\/www.centre-commercial.fr\/sept-chemins\/wp-content\/uploads\/sites\/15\/2014\/09\/FRANCK-PROVOST-240x180px.png","datePublished":"2014-09-01T15:11:53+00:00","dateModified":"2025-03-27T10:28:56+00:00","description":"Depuis plus de 40 ans, Franck Provost r\u00e9invente son m\u00e9tier avec passion, pour que la beaut\u00e9 soit pour toutes les femmes un luxe accessible.","breadcrumb":{"@id":"https:\/\/www.centre-commercial.fr\/sept-chemins\/boutique\/franck-provost\/#breadcrumb"},"inLanguage":"fr-FR","potentialAction":[{"@type":"ReadAction","target":["https:\/\/www.centre-commercial.fr\/sept-chemins\/boutique\/franck-provost\/"]}]},{"@type":"ImageObject","inLanguage":"fr-FR","@id":"https:\/\/www.centre-commercial.fr\/sept-chemins\/boutique\/franck-provost\/#primaryimage","url":"https:\/\/www.centre-commercial.fr\/sept-chemins\/wp-content\/uploads\/sites\/15\/2014\/09\/FRANCK-PROVOST-240x180px.png","contentUrl":"https:\/\/www.centre-commercial.fr\/sept-chemins\/wp-content\/uploads\/sites\/15\/2014\/09\/FRANCK-PROVOST-240x180px.png","width":240,"height":180},{"@type":"BreadcrumbList","@id":"https:\/\/www.centre-commercial.fr\/sept-chemins\/boutique\/franck-provost\/#breadcrumb","itemListElement":[{"@type":"ListItem","position":1,"name":"Accueil","item":"https:\/\/www.centre-commercial.fr\/sept-chemins\/"},{"@type":"ListItem","position":2,"name":"Boutiques","item":"https:\/\/www.centre-commercial.fr\/sept-chemins\/boutiques\/"},{"@type":"ListItem","position":3,"name":"Franck Provost","item":"https:\/\/www.centre-commercial.fr\/sept-chemins\/boutique\/franck-provost\/"}]},{"@type":"WebSite","@id":"https:\/\/www.centre-commercial.fr\/sept-chemins\/#website","url":"https:\/\/www.centre-commercial.fr\/sept-chemins\/","name":"Centre commercial Les Sept Chemins","description":"C&#039;est l\u00e0 que \u00e7a se passe !","publisher":{"@id":"https:\/\/www.centre-commercial.fr\/sept-chemins\/#organization"},"potentialAction":[{"@type":"SearchAction","target":{"@type":"EntryPoint","urlTemplate":"https:\/\/www.centre-commercial.fr\/sept-chemins\/?s={search_term_string}"},"query-input":{"@type":"PropertyValueSpecification","valueRequired":true,"valueName":"search_term_string"}}],"inLanguage":"fr-FR"},{"@type":"Organization","@id":"https:\/\/www.centre-commercial.fr\/sept-chemins\/#organization","name":"Centre commercial Les Sept Chemins","url":"https:\/\/www.centre-commercial.fr\/sept-chemins\/","logo":{"@type":"ImageObject","inLanguage":"fr-FR","@id":"https:\/\/www.centre-commercial.fr\/sept-chemins\/#\/schema\/logo\/image\/","url":"https:\/\/www.centre-commercial.fr\/sept-chemins\/wp-content\/uploads\/sites\/15\/2019\/07\/Logo_7C_RVB_FB-5.jpg","contentUrl":"https:\/\/www.centre-commercial.fr\/sept-chemins\/wp-content\/uploads\/sites\/15\/2019\/07\/Logo_7C_RVB_FB-5.jpg","width":180,"height":180,"caption":"Centre commercial Les Sept Chemins"},"image":{"@id":"https:\/\/www.centre-commercial.fr\/sept-chemins\/#\/schema\/logo\/image\/"}}]}},"boutique_nationale":610,"publishpress_future_workflow_manual_trigger":{"enabledWorkflows":[]},"_links":{"self":[{"href":"https:\/\/www.centre-commercial.fr\/sept-chemins\/wp-json\/wp\/v2\/boutique\/21","targetHints":{"allow":["GET"]}}],"collection":[{"href":"https:\/\/www.centre-commercial.fr\/sept-chemins\/wp-json\/wp\/v2\/boutique"}],"about":[{"href":"https:\/\/www.centre-commercial.fr\/sept-chemins\/wp-json\/wp\/v2\/types\/boutique"}],"author":[{"embeddable":true,"href":"https:\/\/www.centre-commercial.fr\/sept-chemins\/wp-json\/wp\/v2\/users\/14"}],"version-history":[{"count":7,"href":"https:\/\/www.centre-commercial.fr\/sept-chemins\/wp-json\/wp\/v2\/boutique\/21\/revisions"}],"predecessor-version":[{"id":26041973,"href":"https:\/\/www.centre-commercial.fr\/sept-chemins\/wp-json\/wp\/v2\/boutique\/21\/revisions\/26041973"}],"wp:featuredmedia":[{"embeddable":true,"href":"https:\/\/www.centre-commercial.fr\/sept-chemins\/wp-json\/wp\/v2\/media\/4520"}],"wp:attachment":[{"href":"https:\/\/www.centre-commercial.fr\/sept-chemins\/wp-json\/wp\/v2\/media?parent=21"}],"wp:term":[{"taxonomy":"categorie-boutique","embeddable":true,"href":"https:\/\/www.centre-commercial.fr\/sept-chemins\/wp-json\/wp\/v2\/categorie-boutique?post=21"}],"curies":[{"name":"wp","href":"https:\/\/api.w.org\/{rel}","templated":true}]}}

<p style="text-align: center">
<p style="text-align: center"><strong>Depuis plus de 40 ans, <em>Franck Provost</em> réinvente son métier avec passion, pour que la beauté soit pour toutes les femmes un luxe accessible</strong></p>
<p style="text-align: center"><span>Vos cheveux sont fatigués, votre coupe pas assez travaillée, votre frange trop peu effilée ?<br />
Allez à la rencontre des coiffeurs-stylistes du salon Franck Provost. </span><span>Ces derniers sauront prendre vos cheveux en main tout en vous offrant un moment de détente et de bien-être incomparable.</span></p>

<!-- This site is optimized with the Yoast SEO plugin v27.7 - https://yoast.com/product/yoast-seo-wordpress/ -->
<title>Franck Provost - Centre commercial Les Sept Chemins</title>
<meta name="description" content="Depuis plus de 40 ans, Franck Provost réinvente son métier avec passion, pour que la beauté soit pour toutes les femmes un luxe accessible." />
<meta name="robots" content="index, follow, max-snippet:-1, max-image-preview:large, max-video-preview:-1" />
<link rel="canonical" href="https://www.centre-commercial.fr/sept-chemins/boutique/franck-provost/" />
<meta property="og:locale" content="fr_FR" />
<meta property="og:type" content="article" />
<meta property="og:title" content="Franck Provost - Centre commercial Les Sept Chemins" />
<meta property="og:description" content="Depuis plus de 40 ans, Franck Provost réinvente son métier avec passion, pour que la beauté soit pour toutes les femmes un luxe accessible." />
<meta property="og:url" content="https://www.centre-commercial.fr/sept-chemins/boutique/franck-provost/" />
<meta property="og:site_name" content="Centre commercial Les Sept Chemins" />
<meta property="article:modified_time" content="2025-03-27T10:28:56+00:00" />
<meta property="og:image" content="https://www.centre-commercial.fr/sept-chemins/wp-content/uploads/sites/15/2014/09/FRANCK-PROVOST-240x180px.png" />
	<meta property="og:image:width" content="240" />
	<meta property="og:image:height" content="180" />
	<meta property="og:image:type" content="image/png" />
<meta name="twitter:card" content="summary_large_image" />
<meta name="twitter:label1" content="Durée de lecture estimée" />
	<meta name="twitter:data1" content="1 minute" />
<script type="application/ld+json" class="yoast-schema-graph">{"@context":"https:\/\/schema.org","@graph":[{"@type":"WebPage","@id":"https:\/\/www.centre-commercial.fr\/sept-chemins\/boutique\/franck-provost\/","url":"https:\/\/www.centre-commercial.fr\/sept-chemins\/boutique\/franck-provost\/","name":"Franck Provost - Centre commercial Les Sept Chemins","isPartOf":{"@id":"https:\/\/www.centre-commercial.fr\/sept-chemins\/#website"},"primaryImageOfPage":{"@id":"https:\/\/www.centre-commercial.fr\/sept-chemins\/boutique\/franck-provost\/#primaryimage"},"image":{"@id":"https:\/\/www.centre-commercial.fr\/sept-chemins\/boutique\/franck-provost\/#primaryimage"},"thumbnailUrl":"https:\/\/www.centre-commercial.fr\/sept-chemins\/wp-content\/uploads\/sites\/15\/2014\/09\/FRANCK-PROVOST-240x180px.png","datePublished":"2014-09-01T15:11:53+00:00","dateModified":"2025-03-27T10:28:56+00:00","description":"Depuis plus de 40 ans, Franck Provost réinvente son métier avec passion, pour que la beauté soit pour toutes les femmes un luxe accessible.","breadcrumb":{"@id":"https:\/\/www.centre-commercial.fr\/sept-chemins\/boutique\/franck-provost\/#breadcrumb"},"inLanguage":"fr-FR","potentialAction":[{"@type":"ReadAction","target":["https:\/\/www.centre-commercial.fr\/sept-chemins\/boutique\/franck-provost\/"]}]},{"@type":"ImageObject","inLanguage":"fr-FR","@id":"https:\/\/www.centre-commercial.fr\/sept-chemins\/boutique\/franck-provost\/#primaryimage","url":"https:\/\/www.centre-commercial.fr\/sept-chemins\/wp-content\/uploads\/sites\/15\/2014\/09\/FRANCK-PROVOST-240x180px.png","contentUrl":"https:\/\/www.centre-commercial.fr\/sept-chemins\/wp-content\/uploads\/sites\/15\/2014\/09\/FRANCK-PROVOST-240x180px.png","width":240,"height":180},{"@type":"BreadcrumbList","@id":"https:\/\/www.centre-commercial.fr\/sept-chemins\/boutique\/franck-provost\/#breadcrumb","itemListElement":[{"@type":"ListItem","position":1,"name":"Accueil","item":"https:\/\/www.centre-commercial.fr\/sept-chemins\/"},{"@type":"ListItem","position":2,"name":"Boutiques","item":"https:\/\/www.centre-commercial.fr\/sept-chemins\/boutiques\/"},{"@type":"ListItem","position":3,"name":"Franck Provost","item":"https:\/\/www.centre-commercial.fr\/sept-chemins\/boutique\/franck-provost\/"}]},{"@type":"WebSite","@id":"https:\/\/www.centre-commercial.fr\/sept-chemins\/#website","url":"https:\/\/www.centre-commercial.fr\/sept-chemins\/","name":"Centre commercial Les Sept Chemins","description":"C&#039;est là que ça se passe !","publisher":{"@id":"https:\/\/www.centre-commercial.fr\/sept-chemins\/#organization"},"potentialAction":[{"@type":"SearchAction","target":{"@type":"EntryPoint","urlTemplate":"https:\/\/www.centre-commercial.fr\/sept-chemins\/?s={search_term_string}"},"query-input":{"@type":"PropertyValueSpecification","valueRequired":true,"valueName":"search_term_string"}}],"inLanguage":"fr-FR"},{"@type":"Organization","@id":"https:\/\/www.centre-commercial.fr\/sept-chemins\/#organization","name":"Centre commercial Les Sept Chemins","url":"https:\/\/www.centre-commercial.fr\/sept-chemins\/","logo":{"@type":"ImageObject","inLanguage":"fr-FR","@id":"https:\/\/www.centre-commercial.fr\/sept-chemins\/#\/schema\/logo\/image\/","url":"https:\/\/www.centre-commercial.fr\/sept-chemins\/wp-content\/uploads\/sites\/15\/2019\/07\/Logo_7C_RVB_FB-5.jpg","contentUrl":"https:\/\/www.centre-commercial.fr\/sept-chemins\/wp-content\/uploads\/sites\/15\/2019\/07\/Logo_7C_RVB_FB-5.jpg","width":180,"height":180,"caption":"Centre commercial Les Sept Chemins"},"image":{"@id":"https:\/\/www.centre-commercial.fr\/sept-chemins\/#\/schema\/logo\/image\/"}}]}</script>
<!-- / Yoast SEO plugin. -->

Depuis plus de 40 ans, Franck Provost réinvente son métier avec passion, pour que la beauté soit pour toutes les femmes un luxe accessible.

C&#039;est là que ça se passe !
