{"id":36420503,"date":"2026-04-22T12:35:20","date_gmt":"2026-04-22T10:35:20","guid":{"rendered":"https:\/\/www.centre-commercial.fr\/carrefour-villejuif7\/?post_type=boutique&#038;p=36420503"},"modified":"2026-08-25T17:30:02","modified_gmt":"2026-08-25T15:30:02","slug":"jeff-de-bruges","status":"publish","type":"boutique","link":"https:\/\/www.centre-commercial.fr\/carrefour-villejuif7\/boutique\/jeff-de-bruges\/","title":{"rendered":"JEFF DE BRUGES"},"content":{"rendered":"\n<p>Il n\u2019y a pas plus gourmand que le chocolat ! Depuis 1986, Jeff de Bruges met toute sa cr\u00e9ativit\u00e9 au service de votre palais, avec des recettes des plus classiques aux plus originales. Ganaches, pralin\u00e9s, rochers, truffes, tablettes, ballotins ou coffrets : d\u00e9couvrez notre gamme exquise, aux mille et une saveurs.<\/p>\n\n\n\n<p><\/p>\n","protected":false},"author":43810,"featured_media":36420504,"template":"","categorie-boutique":[1470,4336],"class_list":["post-36420503","boutique","type-boutique","status-publish","has-post-thumbnail","hentry","categorie-boutique-culture-cadeaux-loisirs","categorie-boutique-restauration-alimentation"],"acf":[],"yoast_head":"<!-- This site is optimized with the Yoast SEO plugin v27.7 - https:\/\/yoast.com\/product\/yoast-seo-wordpress\/ -->\n<title>JEFF DE BRUGES - Centre Commercial Villejuif 7<\/title>\n<meta name=\"robots\" content=\"index, follow, max-snippet:-1, max-image-preview:large, max-video-preview:-1\" \/>\n<link rel=\"canonical\" href=\"https:\/\/www.centre-commercial.fr\/carrefour-villejuif7\/boutique\/jeff-de-bruges\/\" \/>\n<meta property=\"og:locale\" content=\"fr_FR\" \/>\n<meta property=\"og:type\" content=\"article\" \/>\n<meta property=\"og:title\" content=\"JEFF DE BRUGES - Centre Commercial Villejuif 7\" \/>\n<meta property=\"og:description\" content=\"Il n\u2019y a pas plus gourmand que le chocolat ! Depuis 1986, Jeff de Bruges met toute sa cr\u00e9ativit\u00e9 au service de votre palais, avec des recettes des plus classiques aux plus originales. Ganaches, pralin\u00e9s, rochers, truffes, tablettes, ballotins ou coffrets : d\u00e9couvrez notre gamme exquise, aux mille et une saveurs.\" \/>\n<meta property=\"og:url\" content=\"https:\/\/www.centre-commercial.fr\/carrefour-villejuif7\/boutique\/jeff-de-bruges\/\" \/>\n<meta property=\"og:site_name\" content=\"Centre Commercial Villejuif 7\" \/>\n<meta property=\"article:modified_time\" content=\"2026-08-25T15:30:02+00:00\" \/>\n<meta property=\"og:image\" content=\"https:\/\/www.centre-commercial.fr\/carrefour-villejuif7\/wp-content\/uploads\/sites\/16\/2026\/04\/Jeff-de-Bruges-logo.jpg\" \/>\n\t<meta property=\"og:image:width\" content=\"750\" \/>\n\t<meta property=\"og:image:height\" content=\"750\" \/>\n\t<meta property=\"og:image:type\" content=\"image\/jpeg\" \/>\n<meta name=\"twitter:card\" content=\"summary_large_image\" \/>\n<meta name=\"twitter:label1\" content=\"Dur\u00e9e de lecture estim\u00e9e\" \/>\n\t<meta name=\"twitter:data1\" content=\"1 minute\" \/>\n<script type=\"application\/ld+json\" class=\"yoast-schema-graph\">{\"@context\":\"https:\\\/\\\/schema.org\",\"@graph\":[{\"@type\":\"WebPage\",\"@id\":\"https:\\\/\\\/www.centre-commercial.fr\\\/carrefour-villejuif7\\\/boutique\\\/jeff-de-bruges\\\/\",\"url\":\"https:\\\/\\\/www.centre-commercial.fr\\\/carrefour-villejuif7\\\/boutique\\\/jeff-de-bruges\\\/\",\"name\":\"JEFF DE BRUGES - Centre Commercial Villejuif 7\",\"isPartOf\":{\"@id\":\"https:\\\/\\\/www.centre-commercial.fr\\\/carrefour-villejuif7\\\/#website\"},\"primaryImageOfPage\":{\"@id\":\"https:\\\/\\\/www.centre-commercial.fr\\\/carrefour-villejuif7\\\/boutique\\\/jeff-de-bruges\\\/#primaryimage\"},\"image\":{\"@id\":\"https:\\\/\\\/www.centre-commercial.fr\\\/carrefour-villejuif7\\\/boutique\\\/jeff-de-bruges\\\/#primaryimage\"},\"thumbnailUrl\":\"https:\\\/\\\/www.centre-commercial.fr\\\/carrefour-villejuif7\\\/wp-content\\\/uploads\\\/sites\\\/16\\\/2026\\\/04\\\/Jeff-de-Bruges-logo.jpg\",\"datePublished\":\"2026-04-22T10:35:20+00:00\",\"dateModified\":\"2026-08-25T15:30:02+00:00\",\"breadcrumb\":{\"@id\":\"https:\\\/\\\/www.centre-commercial.fr\\\/carrefour-villejuif7\\\/boutique\\\/jeff-de-bruges\\\/#breadcrumb\"},\"inLanguage\":\"fr-FR\",\"potentialAction\":[{\"@type\":\"ReadAction\",\"target\":[\"https:\\\/\\\/www.centre-commercial.fr\\\/carrefour-villejuif7\\\/boutique\\\/jeff-de-bruges\\\/\"]}]},{\"@type\":\"ImageObject\",\"inLanguage\":\"fr-FR\",\"@id\":\"https:\\\/\\\/www.centre-commercial.fr\\\/carrefour-villejuif7\\\/boutique\\\/jeff-de-bruges\\\/#primaryimage\",\"url\":\"https:\\\/\\\/www.centre-commercial.fr\\\/carrefour-villejuif7\\\/wp-content\\\/uploads\\\/sites\\\/16\\\/2026\\\/04\\\/Jeff-de-Bruges-logo.jpg\",\"contentUrl\":\"https:\\\/\\\/www.centre-commercial.fr\\\/carrefour-villejuif7\\\/wp-content\\\/uploads\\\/sites\\\/16\\\/2026\\\/04\\\/Jeff-de-Bruges-logo.jpg\",\"width\":750,\"height\":750},{\"@type\":\"BreadcrumbList\",\"@id\":\"https:\\\/\\\/www.centre-commercial.fr\\\/carrefour-villejuif7\\\/boutique\\\/jeff-de-bruges\\\/#breadcrumb\",\"itemListElement\":[{\"@type\":\"ListItem\",\"position\":1,\"name\":\"Accueil\",\"item\":\"https:\\\/\\\/www.centre-commercial.fr\\\/carrefour-villejuif7\\\/\"},{\"@type\":\"ListItem\",\"position\":2,\"name\":\"Boutiques\",\"item\":\"https:\\\/\\\/www.centre-commercial.fr\\\/carrefour-villejuif7\\\/boutiques\\\/\"},{\"@type\":\"ListItem\",\"position\":3,\"name\":\"JEFF DE BRUGES\",\"item\":\"https:\\\/\\\/www.centre-commercial.fr\\\/carrefour-villejuif7\\\/boutique\\\/jeff-de-bruges\\\/\"}]},{\"@type\":\"WebSite\",\"@id\":\"https:\\\/\\\/www.centre-commercial.fr\\\/carrefour-villejuif7\\\/#website\",\"url\":\"https:\\\/\\\/www.centre-commercial.fr\\\/carrefour-villejuif7\\\/\",\"name\":\"Centre Commercial Villejuif 7\",\"description\":\"\",\"publisher\":{\"@id\":\"https:\\\/\\\/www.centre-commercial.fr\\\/carrefour-villejuif7\\\/#organization\"},\"potentialAction\":[{\"@type\":\"SearchAction\",\"target\":{\"@type\":\"EntryPoint\",\"urlTemplate\":\"https:\\\/\\\/www.centre-commercial.fr\\\/carrefour-villejuif7\\\/?s={search_term_string}\"},\"query-input\":{\"@type\":\"PropertyValueSpecification\",\"valueRequired\":true,\"valueName\":\"search_term_string\"}}],\"inLanguage\":\"fr-FR\"},{\"@type\":\"Organization\",\"@id\":\"https:\\\/\\\/www.centre-commercial.fr\\\/carrefour-villejuif7\\\/#organization\",\"name\":\"Centre Commercial Villejuif 7\",\"url\":\"https:\\\/\\\/www.centre-commercial.fr\\\/carrefour-villejuif7\\\/\",\"logo\":{\"@type\":\"ImageObject\",\"inLanguage\":\"fr-FR\",\"@id\":\"https:\\\/\\\/www.centre-commercial.fr\\\/carrefour-villejuif7\\\/#\\\/schema\\\/logo\\\/image\\\/\",\"url\":\"https:\\\/\\\/www.centre-commercial.fr\\\/carrefour-villejuif7\\\/wp-content\\\/uploads\\\/sites\\\/16\\\/2019\\\/07\\\/cropped-logo-villejuif7-5.png\",\"contentUrl\":\"https:\\\/\\\/www.centre-commercial.fr\\\/carrefour-villejuif7\\\/wp-content\\\/uploads\\\/sites\\\/16\\\/2019\\\/07\\\/cropped-logo-villejuif7-5.png\",\"width\":200,\"height\":65,\"caption\":\"Centre Commercial Villejuif 7\"},\"image\":{\"@id\":\"https:\\\/\\\/www.centre-commercial.fr\\\/carrefour-villejuif7\\\/#\\\/schema\\\/logo\\\/image\\\/\"}}]}<\/script>\n<!-- \/ Yoast SEO plugin. -->","yoast_head_json":{"title":"JEFF DE BRUGES - Centre Commercial Villejuif 7","robots":{"index":"index","follow":"follow","max-snippet":"max-snippet:-1","max-image-preview":"max-image-preview:large","max-video-preview":"max-video-preview:-1"},"canonical":"https:\/\/www.centre-commercial.fr\/carrefour-villejuif7\/boutique\/jeff-de-bruges\/","og_locale":"fr_FR","og_type":"article","og_title":"JEFF DE BRUGES - Centre Commercial Villejuif 7","og_description":"Il n\u2019y a pas plus gourmand que le chocolat ! Depuis 1986, Jeff de Bruges met toute sa cr\u00e9ativit\u00e9 au service de votre palais, avec des recettes des plus classiques aux plus originales. Ganaches, pralin\u00e9s, rochers, truffes, tablettes, ballotins ou coffrets : d\u00e9couvrez notre gamme exquise, aux mille et une saveurs.","og_url":"https:\/\/www.centre-commercial.fr\/carrefour-villejuif7\/boutique\/jeff-de-bruges\/","og_site_name":"Centre Commercial Villejuif 7","article_modified_time":"2026-08-25T15:30:02+00:00","og_image":[{"width":750,"height":750,"url":"https:\/\/www.centre-commercial.fr\/carrefour-villejuif7\/wp-content\/uploads\/sites\/16\/2026\/04\/Jeff-de-Bruges-logo.jpg","type":"image\/jpeg"}],"twitter_card":"summary_large_image","twitter_misc":{"Dur\u00e9e de lecture estim\u00e9e":"1 minute"},"schema":{"@context":"https:\/\/schema.org","@graph":[{"@type":"WebPage","@id":"https:\/\/www.centre-commercial.fr\/carrefour-villejuif7\/boutique\/jeff-de-bruges\/","url":"https:\/\/www.centre-commercial.fr\/carrefour-villejuif7\/boutique\/jeff-de-bruges\/","name":"JEFF DE BRUGES - Centre Commercial Villejuif 7","isPartOf":{"@id":"https:\/\/www.centre-commercial.fr\/carrefour-villejuif7\/#website"},"primaryImageOfPage":{"@id":"https:\/\/www.centre-commercial.fr\/carrefour-villejuif7\/boutique\/jeff-de-bruges\/#primaryimage"},"image":{"@id":"https:\/\/www.centre-commercial.fr\/carrefour-villejuif7\/boutique\/jeff-de-bruges\/#primaryimage"},"thumbnailUrl":"https:\/\/www.centre-commercial.fr\/carrefour-villejuif7\/wp-content\/uploads\/sites\/16\/2026\/04\/Jeff-de-Bruges-logo.jpg","datePublished":"2026-04-22T10:35:20+00:00","dateModified":"2026-08-25T15:30:02+00:00","breadcrumb":{"@id":"https:\/\/www.centre-commercial.fr\/carrefour-villejuif7\/boutique\/jeff-de-bruges\/#breadcrumb"},"inLanguage":"fr-FR","potentialAction":[{"@type":"ReadAction","target":["https:\/\/www.centre-commercial.fr\/carrefour-villejuif7\/boutique\/jeff-de-bruges\/"]}]},{"@type":"ImageObject","inLanguage":"fr-FR","@id":"https:\/\/www.centre-commercial.fr\/carrefour-villejuif7\/boutique\/jeff-de-bruges\/#primaryimage","url":"https:\/\/www.centre-commercial.fr\/carrefour-villejuif7\/wp-content\/uploads\/sites\/16\/2026\/04\/Jeff-de-Bruges-logo.jpg","contentUrl":"https:\/\/www.centre-commercial.fr\/carrefour-villejuif7\/wp-content\/uploads\/sites\/16\/2026\/04\/Jeff-de-Bruges-logo.jpg","width":750,"height":750},{"@type":"BreadcrumbList","@id":"https:\/\/www.centre-commercial.fr\/carrefour-villejuif7\/boutique\/jeff-de-bruges\/#breadcrumb","itemListElement":[{"@type":"ListItem","position":1,"name":"Accueil","item":"https:\/\/www.centre-commercial.fr\/carrefour-villejuif7\/"},{"@type":"ListItem","position":2,"name":"Boutiques","item":"https:\/\/www.centre-commercial.fr\/carrefour-villejuif7\/boutiques\/"},{"@type":"ListItem","position":3,"name":"JEFF DE BRUGES","item":"https:\/\/www.centre-commercial.fr\/carrefour-villejuif7\/boutique\/jeff-de-bruges\/"}]},{"@type":"WebSite","@id":"https:\/\/www.centre-commercial.fr\/carrefour-villejuif7\/#website","url":"https:\/\/www.centre-commercial.fr\/carrefour-villejuif7\/","name":"Centre Commercial Villejuif 7","description":"","publisher":{"@id":"https:\/\/www.centre-commercial.fr\/carrefour-villejuif7\/#organization"},"potentialAction":[{"@type":"SearchAction","target":{"@type":"EntryPoint","urlTemplate":"https:\/\/www.centre-commercial.fr\/carrefour-villejuif7\/?s={search_term_string}"},"query-input":{"@type":"PropertyValueSpecification","valueRequired":true,"valueName":"search_term_string"}}],"inLanguage":"fr-FR"},{"@type":"Organization","@id":"https:\/\/www.centre-commercial.fr\/carrefour-villejuif7\/#organization","name":"Centre Commercial Villejuif 7","url":"https:\/\/www.centre-commercial.fr\/carrefour-villejuif7\/","logo":{"@type":"ImageObject","inLanguage":"fr-FR","@id":"https:\/\/www.centre-commercial.fr\/carrefour-villejuif7\/#\/schema\/logo\/image\/","url":"https:\/\/www.centre-commercial.fr\/carrefour-villejuif7\/wp-content\/uploads\/sites\/16\/2019\/07\/cropped-logo-villejuif7-5.png","contentUrl":"https:\/\/www.centre-commercial.fr\/carrefour-villejuif7\/wp-content\/uploads\/sites\/16\/2019\/07\/cropped-logo-villejuif7-5.png","width":200,"height":65,"caption":"Centre Commercial Villejuif 7"},"image":{"@id":"https:\/\/www.centre-commercial.fr\/carrefour-villejuif7\/#\/schema\/logo\/image\/"}}]}},"boutique_nationale":null,"publishpress_future_workflow_manual_trigger":{"enabledWorkflows":[]},"_links":{"self":[{"href":"https:\/\/www.centre-commercial.fr\/carrefour-villejuif7\/wp-json\/wp\/v2\/boutique\/36420503","targetHints":{"allow":["GET"]}}],"collection":[{"href":"https:\/\/www.centre-commercial.fr\/carrefour-villejuif7\/wp-json\/wp\/v2\/boutique"}],"about":[{"href":"https:\/\/www.centre-commercial.fr\/carrefour-villejuif7\/wp-json\/wp\/v2\/types\/boutique"}],"author":[{"embeddable":true,"href":"https:\/\/www.centre-commercial.fr\/carrefour-villejuif7\/wp-json\/wp\/v2\/users\/43810"}],"version-history":[{"count":2,"href":"https:\/\/www.centre-commercial.fr\/carrefour-villejuif7\/wp-json\/wp\/v2\/boutique\/36420503\/revisions"}],"predecessor-version":[{"id":36420613,"href":"https:\/\/www.centre-commercial.fr\/carrefour-villejuif7\/wp-json\/wp\/v2\/boutique\/36420503\/revisions\/36420613"}],"wp:featuredmedia":[{"embeddable":true,"href":"https:\/\/www.centre-commercial.fr\/carrefour-villejuif7\/wp-json\/wp\/v2\/media\/36420504"}],"wp:attachment":[{"href":"https:\/\/www.centre-commercial.fr\/carrefour-villejuif7\/wp-json\/wp\/v2\/media?parent=36420503"}],"wp:term":[{"taxonomy":"categorie-boutique","embeddable":true,"href":"https:\/\/www.centre-commercial.fr\/carrefour-villejuif7\/wp-json\/wp\/v2\/categorie-boutique?post=36420503"}],"curies":[{"name":"wp","href":"https:\/\/api.w.org\/{rel}","templated":true}]}}

<p>Il n’y a pas plus gourmand que le chocolat ! Depuis 1986, Jeff de Bruges met toute sa créativité au service de votre palais, avec des recettes des plus classiques aux plus originales. Ganaches, pralinés, rochers, truffes, tablettes, ballotins ou coffrets : découvrez notre gamme exquise, aux mille et une saveurs.</p>



<p></p>

<!-- This site is optimized with the Yoast SEO plugin v27.7 - https://yoast.com/product/yoast-seo-wordpress/ -->
<title>JEFF DE BRUGES - Centre Commercial Villejuif 7</title>
<meta name="robots" content="index, follow, max-snippet:-1, max-image-preview:large, max-video-preview:-1" />
<link rel="canonical" href="https://www.centre-commercial.fr/carrefour-villejuif7/boutique/jeff-de-bruges/" />
<meta property="og:locale" content="fr_FR" />
<meta property="og:type" content="article" />
<meta property="og:title" content="JEFF DE BRUGES - Centre Commercial Villejuif 7" />
<meta property="og:description" content="Il n’y a pas plus gourmand que le chocolat ! Depuis 1986, Jeff de Bruges met toute sa créativité au service de votre palais, avec des recettes des plus classiques aux plus originales. Ganaches, pralinés, rochers, truffes, tablettes, ballotins ou coffrets : découvrez notre gamme exquise, aux mille et une saveurs." />
<meta property="og:url" content="https://www.centre-commercial.fr/carrefour-villejuif7/boutique/jeff-de-bruges/" />
<meta property="og:site_name" content="Centre Commercial Villejuif 7" />
<meta property="article:modified_time" content="2026-08-25T15:30:02+00:00" />
<meta property="og:image" content="https://www.centre-commercial.fr/carrefour-villejuif7/wp-content/uploads/sites/16/2026/04/Jeff-de-Bruges-logo.jpg" />
	<meta property="og:image:width" content="750" />
	<meta property="og:image:height" content="750" />
	<meta property="og:image:type" content="image/jpeg" />
<meta name="twitter:card" content="summary_large_image" />
<meta name="twitter:label1" content="Durée de lecture estimée" />
	<meta name="twitter:data1" content="1 minute" />
<script type="application/ld+json" class="yoast-schema-graph">{"@context":"https:\/\/schema.org","@graph":[{"@type":"WebPage","@id":"https:\/\/www.centre-commercial.fr\/carrefour-villejuif7\/boutique\/jeff-de-bruges\/","url":"https:\/\/www.centre-commercial.fr\/carrefour-villejuif7\/boutique\/jeff-de-bruges\/","name":"JEFF DE BRUGES - Centre Commercial Villejuif 7","isPartOf":{"@id":"https:\/\/www.centre-commercial.fr\/carrefour-villejuif7\/#website"},"primaryImageOfPage":{"@id":"https:\/\/www.centre-commercial.fr\/carrefour-villejuif7\/boutique\/jeff-de-bruges\/#primaryimage"},"image":{"@id":"https:\/\/www.centre-commercial.fr\/carrefour-villejuif7\/boutique\/jeff-de-bruges\/#primaryimage"},"thumbnailUrl":"https:\/\/www.centre-commercial.fr\/carrefour-villejuif7\/wp-content\/uploads\/sites\/16\/2026\/04\/Jeff-de-Bruges-logo.jpg","datePublished":"2026-04-22T10:35:20+00:00","dateModified":"2026-08-25T15:30:02+00:00","breadcrumb":{"@id":"https:\/\/www.centre-commercial.fr\/carrefour-villejuif7\/boutique\/jeff-de-bruges\/#breadcrumb"},"inLanguage":"fr-FR","potentialAction":[{"@type":"ReadAction","target":["https:\/\/www.centre-commercial.fr\/carrefour-villejuif7\/boutique\/jeff-de-bruges\/"]}]},{"@type":"ImageObject","inLanguage":"fr-FR","@id":"https:\/\/www.centre-commercial.fr\/carrefour-villejuif7\/boutique\/jeff-de-bruges\/#primaryimage","url":"https:\/\/www.centre-commercial.fr\/carrefour-villejuif7\/wp-content\/uploads\/sites\/16\/2026\/04\/Jeff-de-Bruges-logo.jpg","contentUrl":"https:\/\/www.centre-commercial.fr\/carrefour-villejuif7\/wp-content\/uploads\/sites\/16\/2026\/04\/Jeff-de-Bruges-logo.jpg","width":750,"height":750},{"@type":"BreadcrumbList","@id":"https:\/\/www.centre-commercial.fr\/carrefour-villejuif7\/boutique\/jeff-de-bruges\/#breadcrumb","itemListElement":[{"@type":"ListItem","position":1,"name":"Accueil","item":"https:\/\/www.centre-commercial.fr\/carrefour-villejuif7\/"},{"@type":"ListItem","position":2,"name":"Boutiques","item":"https:\/\/www.centre-commercial.fr\/carrefour-villejuif7\/boutiques\/"},{"@type":"ListItem","position":3,"name":"JEFF DE BRUGES","item":"https:\/\/www.centre-commercial.fr\/carrefour-villejuif7\/boutique\/jeff-de-bruges\/"}]},{"@type":"WebSite","@id":"https:\/\/www.centre-commercial.fr\/carrefour-villejuif7\/#website","url":"https:\/\/www.centre-commercial.fr\/carrefour-villejuif7\/","name":"Centre Commercial Villejuif 7","description":"","publisher":{"@id":"https:\/\/www.centre-commercial.fr\/carrefour-villejuif7\/#organization"},"potentialAction":[{"@type":"SearchAction","target":{"@type":"EntryPoint","urlTemplate":"https:\/\/www.centre-commercial.fr\/carrefour-villejuif7\/?s={search_term_string}"},"query-input":{"@type":"PropertyValueSpecification","valueRequired":true,"valueName":"search_term_string"}}],"inLanguage":"fr-FR"},{"@type":"Organization","@id":"https:\/\/www.centre-commercial.fr\/carrefour-villejuif7\/#organization","name":"Centre Commercial Villejuif 7","url":"https:\/\/www.centre-commercial.fr\/carrefour-villejuif7\/","logo":{"@type":"ImageObject","inLanguage":"fr-FR","@id":"https:\/\/www.centre-commercial.fr\/carrefour-villejuif7\/#\/schema\/logo\/image\/","url":"https:\/\/www.centre-commercial.fr\/carrefour-villejuif7\/wp-content\/uploads\/sites\/16\/2019\/07\/cropped-logo-villejuif7-5.png","contentUrl":"https:\/\/www.centre-commercial.fr\/carrefour-villejuif7\/wp-content\/uploads\/sites\/16\/2019\/07\/cropped-logo-villejuif7-5.png","width":200,"height":65,"caption":"Centre Commercial Villejuif 7"},"image":{"@id":"https:\/\/www.centre-commercial.fr\/carrefour-villejuif7\/#\/schema\/logo\/image\/"}}]}</script>
<!-- / Yoast SEO plugin. -->

Il n’y a pas plus gourmand que le chocolat ! Depuis 1986, Jeff de Bruges met toute sa créativité au service de votre palais, avec des recettes des plus classiques aux plus originales. Ganaches, pralinés, rochers, truffes, tablettes, ballotins ou coffrets : découvrez notre gamme exquise, aux mille et une saveurs.
