{"id":1452928,"date":"2024-10-23T13:00:04","date_gmt":"2024-10-23T11:00:04","guid":{"rendered":"https:\/\/www.centre-commercial.fr\/val-d-yerres\/?post_type=boutique&#038;p=1452928"},"modified":"2026-04-16T16:31:48","modified_gmt":"2026-04-16T14:31:48","slug":"yane-fleurs","status":"publish","type":"boutique","link":"https:\/\/www.centre-commercial.fr\/carrefour-valdyerres\/boutique\/yane-fleurs\/","title":{"rendered":"Yane Fleurs"},"content":{"rendered":"\n<p>Yane fleurs vous propose diff\u00e9rentes vari\u00e9t\u00e9s de fleurs et de plantes et vous conseille dans le choix de vos bouquets \u00e0 offrir ou \u00e0 s\u2019offrir !<\/p>\n","protected":false},"author":14,"featured_media":36349445,"template":"","categorie-boutique":[41],"class_list":["post-1452928","boutique","type-boutique","status-publish","has-post-thumbnail","hentry","categorie-boutique-culture-cadeaux-loisirs"],"acf":[],"yoast_head":"<!-- This site is optimized with the Yoast SEO plugin v27.7 - https:\/\/yoast.com\/product\/yoast-seo-wordpress\/ -->\n<title>Yane Fleurs - Centre Commercial Carrefour Val d&#039;Yerres - Boussy<\/title>\n<meta name=\"robots\" content=\"index, follow, max-snippet:-1, max-image-preview:large, max-video-preview:-1\" \/>\n<link rel=\"canonical\" href=\"https:\/\/www.centre-commercial.fr\/carrefour-valdyerres\/boutique\/yane-fleurs\/\" \/>\n<meta property=\"og:locale\" content=\"fr_FR\" \/>\n<meta property=\"og:type\" content=\"article\" \/>\n<meta property=\"og:title\" content=\"Yane Fleurs - Centre Commercial Carrefour Val d&#039;Yerres - Boussy\" \/>\n<meta property=\"og:description\" content=\"Yane fleurs vous propose diff\u00e9rentes vari\u00e9t\u00e9s de fleurs et de plantes et vous conseille dans le choix de vos bouquets \u00e0 offrir ou \u00e0 s\u2019offrir !\" \/>\n<meta property=\"og:url\" content=\"https:\/\/www.centre-commercial.fr\/carrefour-valdyerres\/boutique\/yane-fleurs\/\" \/>\n<meta property=\"og:site_name\" content=\"Centre Commercial Carrefour Val d&#039;Yerres - Boussy\" \/>\n<meta property=\"article:modified_time\" content=\"2026-04-16T14:31:48+00:00\" \/>\n<meta property=\"og:image\" content=\"https:\/\/www.centre-commercial.fr\/carrefour-valdyerres\/wp-content\/uploads\/sites\/182\/2024\/10\/Yane-Fleurs-1.png\" \/>\n\t<meta property=\"og:image:width\" content=\"826\" \/>\n\t<meta property=\"og:image:height\" content=\"392\" \/>\n\t<meta property=\"og:image:type\" content=\"image\/png\" \/>\n<meta name=\"twitter:card\" content=\"summary_large_image\" \/>\n<meta name=\"twitter:label1\" content=\"Dur\u00e9e de lecture estim\u00e9e\" \/>\n\t<meta name=\"twitter:data1\" content=\"1 minute\" \/>\n<script type=\"application\/ld+json\" class=\"yoast-schema-graph\">{\"@context\":\"https:\\\/\\\/schema.org\",\"@graph\":[{\"@type\":\"WebPage\",\"@id\":\"https:\\\/\\\/www.centre-commercial.fr\\\/carrefour-valdyerres\\\/boutique\\\/yane-fleurs\\\/\",\"url\":\"https:\\\/\\\/www.centre-commercial.fr\\\/carrefour-valdyerres\\\/boutique\\\/yane-fleurs\\\/\",\"name\":\"Yane Fleurs - Centre Commercial Carrefour Val d&#039;Yerres - Boussy\",\"isPartOf\":{\"@id\":\"https:\\\/\\\/www.centre-commercial.fr\\\/carrefour-valdyerres\\\/#website\"},\"primaryImageOfPage\":{\"@id\":\"https:\\\/\\\/www.centre-commercial.fr\\\/carrefour-valdyerres\\\/boutique\\\/yane-fleurs\\\/#primaryimage\"},\"image\":{\"@id\":\"https:\\\/\\\/www.centre-commercial.fr\\\/carrefour-valdyerres\\\/boutique\\\/yane-fleurs\\\/#primaryimage\"},\"thumbnailUrl\":\"https:\\\/\\\/www.centre-commercial.fr\\\/carrefour-valdyerres\\\/wp-content\\\/uploads\\\/sites\\\/182\\\/2024\\\/10\\\/Yane-Fleurs-1.png\",\"datePublished\":\"2024-10-23T11:00:04+00:00\",\"dateModified\":\"2026-04-16T14:31:48+00:00\",\"breadcrumb\":{\"@id\":\"https:\\\/\\\/www.centre-commercial.fr\\\/carrefour-valdyerres\\\/boutique\\\/yane-fleurs\\\/#breadcrumb\"},\"inLanguage\":\"fr-FR\",\"potentialAction\":[{\"@type\":\"ReadAction\",\"target\":[\"https:\\\/\\\/www.centre-commercial.fr\\\/carrefour-valdyerres\\\/boutique\\\/yane-fleurs\\\/\"]}]},{\"@type\":\"ImageObject\",\"inLanguage\":\"fr-FR\",\"@id\":\"https:\\\/\\\/www.centre-commercial.fr\\\/carrefour-valdyerres\\\/boutique\\\/yane-fleurs\\\/#primaryimage\",\"url\":\"https:\\\/\\\/www.centre-commercial.fr\\\/carrefour-valdyerres\\\/wp-content\\\/uploads\\\/sites\\\/182\\\/2024\\\/10\\\/Yane-Fleurs-1.png\",\"contentUrl\":\"https:\\\/\\\/www.centre-commercial.fr\\\/carrefour-valdyerres\\\/wp-content\\\/uploads\\\/sites\\\/182\\\/2024\\\/10\\\/Yane-Fleurs-1.png\",\"width\":826,\"height\":392},{\"@type\":\"BreadcrumbList\",\"@id\":\"https:\\\/\\\/www.centre-commercial.fr\\\/carrefour-valdyerres\\\/boutique\\\/yane-fleurs\\\/#breadcrumb\",\"itemListElement\":[{\"@type\":\"ListItem\",\"position\":1,\"name\":\"Accueil\",\"item\":\"https:\\\/\\\/www.centre-commercial.fr\\\/carrefour-valdyerres\\\/\"},{\"@type\":\"ListItem\",\"position\":2,\"name\":\"Boutiques\",\"item\":\"https:\\\/\\\/www.centre-commercial.fr\\\/carrefour-valdyerres\\\/boutiques\\\/\"},{\"@type\":\"ListItem\",\"position\":3,\"name\":\"Yane Fleurs\",\"item\":\"https:\\\/\\\/www.centre-commercial.fr\\\/carrefour-valdyerres\\\/boutique\\\/yane-fleurs\\\/\"}]},{\"@type\":\"WebSite\",\"@id\":\"https:\\\/\\\/www.centre-commercial.fr\\\/carrefour-valdyerres\\\/#website\",\"url\":\"https:\\\/\\\/www.centre-commercial.fr\\\/carrefour-valdyerres\\\/\",\"name\":\"Centre Commercial Carrefour Val d&#039;Yerres - Boussy\",\"description\":\"\",\"publisher\":{\"@id\":\"https:\\\/\\\/www.centre-commercial.fr\\\/carrefour-valdyerres\\\/#organization\"},\"potentialAction\":[{\"@type\":\"SearchAction\",\"target\":{\"@type\":\"EntryPoint\",\"urlTemplate\":\"https:\\\/\\\/www.centre-commercial.fr\\\/carrefour-valdyerres\\\/?s={search_term_string}\"},\"query-input\":{\"@type\":\"PropertyValueSpecification\",\"valueRequired\":true,\"valueName\":\"search_term_string\"}}],\"inLanguage\":\"fr-FR\"},{\"@type\":\"Organization\",\"@id\":\"https:\\\/\\\/www.centre-commercial.fr\\\/carrefour-valdyerres\\\/#organization\",\"name\":\"Centre Commercial Carrefour Val d&#039;Yerres - Boussy\",\"url\":\"https:\\\/\\\/www.centre-commercial.fr\\\/carrefour-valdyerres\\\/\",\"logo\":{\"@type\":\"ImageObject\",\"inLanguage\":\"fr-FR\",\"@id\":\"https:\\\/\\\/www.centre-commercial.fr\\\/carrefour-valdyerres\\\/#\\\/schema\\\/logo\\\/image\\\/\",\"url\":\"https:\\\/\\\/www.centre-commercial.fr\\\/carrefour-valdyerres\\\/wp-content\\\/uploads\\\/sites\\\/182\\\/2024\\\/12\\\/cropped-Val-d_Yerres-Boussy-562x192_RVB.png\",\"contentUrl\":\"https:\\\/\\\/www.centre-commercial.fr\\\/carrefour-valdyerres\\\/wp-content\\\/uploads\\\/sites\\\/182\\\/2024\\\/12\\\/cropped-Val-d_Yerres-Boussy-562x192_RVB.png\",\"width\":563,\"height\":193,\"caption\":\"Centre Commercial Carrefour Val d&#039;Yerres - Boussy\"},\"image\":{\"@id\":\"https:\\\/\\\/www.centre-commercial.fr\\\/carrefour-valdyerres\\\/#\\\/schema\\\/logo\\\/image\\\/\"}}]}<\/script>\n<!-- \/ Yoast SEO plugin. -->","yoast_head_json":{"title":"Yane Fleurs - Centre Commercial Carrefour Val d&#039;Yerres - Boussy","robots":{"index":"index","follow":"follow","max-snippet":"max-snippet:-1","max-image-preview":"max-image-preview:large","max-video-preview":"max-video-preview:-1"},"canonical":"https:\/\/www.centre-commercial.fr\/carrefour-valdyerres\/boutique\/yane-fleurs\/","og_locale":"fr_FR","og_type":"article","og_title":"Yane Fleurs - Centre Commercial Carrefour Val d&#039;Yerres - Boussy","og_description":"Yane fleurs vous propose diff\u00e9rentes vari\u00e9t\u00e9s de fleurs et de plantes et vous conseille dans le choix de vos bouquets \u00e0 offrir ou \u00e0 s\u2019offrir !","og_url":"https:\/\/www.centre-commercial.fr\/carrefour-valdyerres\/boutique\/yane-fleurs\/","og_site_name":"Centre Commercial Carrefour Val d&#039;Yerres - Boussy","article_modified_time":"2026-04-16T14:31:48+00:00","og_image":[{"width":826,"height":392,"url":"https:\/\/www.centre-commercial.fr\/carrefour-valdyerres\/wp-content\/uploads\/sites\/182\/2024\/10\/Yane-Fleurs-1.png","type":"image\/png"}],"twitter_card":"summary_large_image","twitter_misc":{"Dur\u00e9e de lecture estim\u00e9e":"1 minute"},"schema":{"@context":"https:\/\/schema.org","@graph":[{"@type":"WebPage","@id":"https:\/\/www.centre-commercial.fr\/carrefour-valdyerres\/boutique\/yane-fleurs\/","url":"https:\/\/www.centre-commercial.fr\/carrefour-valdyerres\/boutique\/yane-fleurs\/","name":"Yane Fleurs - Centre Commercial Carrefour Val d&#039;Yerres - Boussy","isPartOf":{"@id":"https:\/\/www.centre-commercial.fr\/carrefour-valdyerres\/#website"},"primaryImageOfPage":{"@id":"https:\/\/www.centre-commercial.fr\/carrefour-valdyerres\/boutique\/yane-fleurs\/#primaryimage"},"image":{"@id":"https:\/\/www.centre-commercial.fr\/carrefour-valdyerres\/boutique\/yane-fleurs\/#primaryimage"},"thumbnailUrl":"https:\/\/www.centre-commercial.fr\/carrefour-valdyerres\/wp-content\/uploads\/sites\/182\/2024\/10\/Yane-Fleurs-1.png","datePublished":"2024-10-23T11:00:04+00:00","dateModified":"2026-04-16T14:31:48+00:00","breadcrumb":{"@id":"https:\/\/www.centre-commercial.fr\/carrefour-valdyerres\/boutique\/yane-fleurs\/#breadcrumb"},"inLanguage":"fr-FR","potentialAction":[{"@type":"ReadAction","target":["https:\/\/www.centre-commercial.fr\/carrefour-valdyerres\/boutique\/yane-fleurs\/"]}]},{"@type":"ImageObject","inLanguage":"fr-FR","@id":"https:\/\/www.centre-commercial.fr\/carrefour-valdyerres\/boutique\/yane-fleurs\/#primaryimage","url":"https:\/\/www.centre-commercial.fr\/carrefour-valdyerres\/wp-content\/uploads\/sites\/182\/2024\/10\/Yane-Fleurs-1.png","contentUrl":"https:\/\/www.centre-commercial.fr\/carrefour-valdyerres\/wp-content\/uploads\/sites\/182\/2024\/10\/Yane-Fleurs-1.png","width":826,"height":392},{"@type":"BreadcrumbList","@id":"https:\/\/www.centre-commercial.fr\/carrefour-valdyerres\/boutique\/yane-fleurs\/#breadcrumb","itemListElement":[{"@type":"ListItem","position":1,"name":"Accueil","item":"https:\/\/www.centre-commercial.fr\/carrefour-valdyerres\/"},{"@type":"ListItem","position":2,"name":"Boutiques","item":"https:\/\/www.centre-commercial.fr\/carrefour-valdyerres\/boutiques\/"},{"@type":"ListItem","position":3,"name":"Yane Fleurs","item":"https:\/\/www.centre-commercial.fr\/carrefour-valdyerres\/boutique\/yane-fleurs\/"}]},{"@type":"WebSite","@id":"https:\/\/www.centre-commercial.fr\/carrefour-valdyerres\/#website","url":"https:\/\/www.centre-commercial.fr\/carrefour-valdyerres\/","name":"Centre Commercial Carrefour Val d&#039;Yerres - Boussy","description":"","publisher":{"@id":"https:\/\/www.centre-commercial.fr\/carrefour-valdyerres\/#organization"},"potentialAction":[{"@type":"SearchAction","target":{"@type":"EntryPoint","urlTemplate":"https:\/\/www.centre-commercial.fr\/carrefour-valdyerres\/?s={search_term_string}"},"query-input":{"@type":"PropertyValueSpecification","valueRequired":true,"valueName":"search_term_string"}}],"inLanguage":"fr-FR"},{"@type":"Organization","@id":"https:\/\/www.centre-commercial.fr\/carrefour-valdyerres\/#organization","name":"Centre Commercial Carrefour Val d&#039;Yerres - Boussy","url":"https:\/\/www.centre-commercial.fr\/carrefour-valdyerres\/","logo":{"@type":"ImageObject","inLanguage":"fr-FR","@id":"https:\/\/www.centre-commercial.fr\/carrefour-valdyerres\/#\/schema\/logo\/image\/","url":"https:\/\/www.centre-commercial.fr\/carrefour-valdyerres\/wp-content\/uploads\/sites\/182\/2024\/12\/cropped-Val-d_Yerres-Boussy-562x192_RVB.png","contentUrl":"https:\/\/www.centre-commercial.fr\/carrefour-valdyerres\/wp-content\/uploads\/sites\/182\/2024\/12\/cropped-Val-d_Yerres-Boussy-562x192_RVB.png","width":563,"height":193,"caption":"Centre Commercial Carrefour Val d&#039;Yerres - Boussy"},"image":{"@id":"https:\/\/www.centre-commercial.fr\/carrefour-valdyerres\/#\/schema\/logo\/image\/"}}]}},"boutique_nationale":null,"publishpress_future_action":{"enabled":false,"date":"2026-09-08 09:59:37","action":"change-status","newStatus":"draft","terms":[],"taxonomy":"categorie-boutique","extraData":[]},"publishpress_future_workflow_manual_trigger":{"enabledWorkflows":[]},"_links":{"self":[{"href":"https:\/\/www.centre-commercial.fr\/carrefour-valdyerres\/wp-json\/wp\/v2\/boutique\/1452928","targetHints":{"allow":["GET"]}}],"collection":[{"href":"https:\/\/www.centre-commercial.fr\/carrefour-valdyerres\/wp-json\/wp\/v2\/boutique"}],"about":[{"href":"https:\/\/www.centre-commercial.fr\/carrefour-valdyerres\/wp-json\/wp\/v2\/types\/boutique"}],"author":[{"embeddable":true,"href":"https:\/\/www.centre-commercial.fr\/carrefour-valdyerres\/wp-json\/wp\/v2\/users\/14"}],"version-history":[{"count":1,"href":"https:\/\/www.centre-commercial.fr\/carrefour-valdyerres\/wp-json\/wp\/v2\/boutique\/1452928\/revisions"}],"predecessor-version":[{"id":1452929,"href":"https:\/\/www.centre-commercial.fr\/carrefour-valdyerres\/wp-json\/wp\/v2\/boutique\/1452928\/revisions\/1452929"}],"wp:featuredmedia":[{"embeddable":true,"href":"https:\/\/www.centre-commercial.fr\/carrefour-valdyerres\/wp-json\/wp\/v2\/media\/36349445"}],"wp:attachment":[{"href":"https:\/\/www.centre-commercial.fr\/carrefour-valdyerres\/wp-json\/wp\/v2\/media?parent=1452928"}],"wp:term":[{"taxonomy":"categorie-boutique","embeddable":true,"href":"https:\/\/www.centre-commercial.fr\/carrefour-valdyerres\/wp-json\/wp\/v2\/categorie-boutique?post=1452928"}],"curies":[{"name":"wp","href":"https:\/\/api.w.org\/{rel}","templated":true}]}}

<p>Yane fleurs vous propose différentes variétés de fleurs et de plantes et vous conseille dans le choix de vos bouquets à offrir ou à s’offrir !</p>

<!-- This site is optimized with the Yoast SEO plugin v27.7 - https://yoast.com/product/yoast-seo-wordpress/ -->
<title>Yane Fleurs - Centre Commercial Carrefour Val d&#039;Yerres - Boussy</title>
<meta name="robots" content="index, follow, max-snippet:-1, max-image-preview:large, max-video-preview:-1" />
<link rel="canonical" href="https://www.centre-commercial.fr/carrefour-valdyerres/boutique/yane-fleurs/" />
<meta property="og:locale" content="fr_FR" />
<meta property="og:type" content="article" />
<meta property="og:title" content="Yane Fleurs - Centre Commercial Carrefour Val d&#039;Yerres - Boussy" />
<meta property="og:description" content="Yane fleurs vous propose différentes variétés de fleurs et de plantes et vous conseille dans le choix de vos bouquets à offrir ou à s’offrir !" />
<meta property="og:url" content="https://www.centre-commercial.fr/carrefour-valdyerres/boutique/yane-fleurs/" />
<meta property="og:site_name" content="Centre Commercial Carrefour Val d&#039;Yerres - Boussy" />
<meta property="article:modified_time" content="2026-04-16T14:31:48+00:00" />
<meta property="og:image" content="https://www.centre-commercial.fr/carrefour-valdyerres/wp-content/uploads/sites/182/2024/10/Yane-Fleurs-1.png" />
	<meta property="og:image:width" content="826" />
	<meta property="og:image:height" content="392" />
	<meta property="og:image:type" content="image/png" />
<meta name="twitter:card" content="summary_large_image" />
<meta name="twitter:label1" content="Durée de lecture estimée" />
	<meta name="twitter:data1" content="1 minute" />
<script type="application/ld+json" class="yoast-schema-graph">{"@context":"https:\/\/schema.org","@graph":[{"@type":"WebPage","@id":"https:\/\/www.centre-commercial.fr\/carrefour-valdyerres\/boutique\/yane-fleurs\/","url":"https:\/\/www.centre-commercial.fr\/carrefour-valdyerres\/boutique\/yane-fleurs\/","name":"Yane Fleurs - Centre Commercial Carrefour Val d&#039;Yerres - Boussy","isPartOf":{"@id":"https:\/\/www.centre-commercial.fr\/carrefour-valdyerres\/#website"},"primaryImageOfPage":{"@id":"https:\/\/www.centre-commercial.fr\/carrefour-valdyerres\/boutique\/yane-fleurs\/#primaryimage"},"image":{"@id":"https:\/\/www.centre-commercial.fr\/carrefour-valdyerres\/boutique\/yane-fleurs\/#primaryimage"},"thumbnailUrl":"https:\/\/www.centre-commercial.fr\/carrefour-valdyerres\/wp-content\/uploads\/sites\/182\/2024\/10\/Yane-Fleurs-1.png","datePublished":"2024-10-23T11:00:04+00:00","dateModified":"2026-04-16T14:31:48+00:00","breadcrumb":{"@id":"https:\/\/www.centre-commercial.fr\/carrefour-valdyerres\/boutique\/yane-fleurs\/#breadcrumb"},"inLanguage":"fr-FR","potentialAction":[{"@type":"ReadAction","target":["https:\/\/www.centre-commercial.fr\/carrefour-valdyerres\/boutique\/yane-fleurs\/"]}]},{"@type":"ImageObject","inLanguage":"fr-FR","@id":"https:\/\/www.centre-commercial.fr\/carrefour-valdyerres\/boutique\/yane-fleurs\/#primaryimage","url":"https:\/\/www.centre-commercial.fr\/carrefour-valdyerres\/wp-content\/uploads\/sites\/182\/2024\/10\/Yane-Fleurs-1.png","contentUrl":"https:\/\/www.centre-commercial.fr\/carrefour-valdyerres\/wp-content\/uploads\/sites\/182\/2024\/10\/Yane-Fleurs-1.png","width":826,"height":392},{"@type":"BreadcrumbList","@id":"https:\/\/www.centre-commercial.fr\/carrefour-valdyerres\/boutique\/yane-fleurs\/#breadcrumb","itemListElement":[{"@type":"ListItem","position":1,"name":"Accueil","item":"https:\/\/www.centre-commercial.fr\/carrefour-valdyerres\/"},{"@type":"ListItem","position":2,"name":"Boutiques","item":"https:\/\/www.centre-commercial.fr\/carrefour-valdyerres\/boutiques\/"},{"@type":"ListItem","position":3,"name":"Yane Fleurs","item":"https:\/\/www.centre-commercial.fr\/carrefour-valdyerres\/boutique\/yane-fleurs\/"}]},{"@type":"WebSite","@id":"https:\/\/www.centre-commercial.fr\/carrefour-valdyerres\/#website","url":"https:\/\/www.centre-commercial.fr\/carrefour-valdyerres\/","name":"Centre Commercial Carrefour Val d&#039;Yerres - Boussy","description":"","publisher":{"@id":"https:\/\/www.centre-commercial.fr\/carrefour-valdyerres\/#organization"},"potentialAction":[{"@type":"SearchAction","target":{"@type":"EntryPoint","urlTemplate":"https:\/\/www.centre-commercial.fr\/carrefour-valdyerres\/?s={search_term_string}"},"query-input":{"@type":"PropertyValueSpecification","valueRequired":true,"valueName":"search_term_string"}}],"inLanguage":"fr-FR"},{"@type":"Organization","@id":"https:\/\/www.centre-commercial.fr\/carrefour-valdyerres\/#organization","name":"Centre Commercial Carrefour Val d&#039;Yerres - Boussy","url":"https:\/\/www.centre-commercial.fr\/carrefour-valdyerres\/","logo":{"@type":"ImageObject","inLanguage":"fr-FR","@id":"https:\/\/www.centre-commercial.fr\/carrefour-valdyerres\/#\/schema\/logo\/image\/","url":"https:\/\/www.centre-commercial.fr\/carrefour-valdyerres\/wp-content\/uploads\/sites\/182\/2024\/12\/cropped-Val-d_Yerres-Boussy-562x192_RVB.png","contentUrl":"https:\/\/www.centre-commercial.fr\/carrefour-valdyerres\/wp-content\/uploads\/sites\/182\/2024\/12\/cropped-Val-d_Yerres-Boussy-562x192_RVB.png","width":563,"height":193,"caption":"Centre Commercial Carrefour Val d&#039;Yerres - Boussy"},"image":{"@id":"https:\/\/www.centre-commercial.fr\/carrefour-valdyerres\/#\/schema\/logo\/image\/"}}]}</script>
<!-- / Yoast SEO plugin. -->

Yane fleurs vous propose différentes variétés de fleurs et de plantes et vous conseille dans le choix de vos bouquets à offrir ou à s’offrir !
