{"id":1452847,"date":"2024-10-23T10:27:19","date_gmt":"2024-10-23T08:27:19","guid":{"rendered":"https:\/\/www.centre-commercial.fr\/val-d-yerres\/?post_type=boutique&#038;p=1452847"},"modified":"2024-12-11T15:29:30","modified_gmt":"2024-12-11T14:29:30","slug":"aux-saveurs-de-boussy","status":"publish","type":"boutique","link":"https:\/\/www.centre-commercial.fr\/carrefour-valdyerres\/boutique\/aux-saveurs-de-boussy\/","title":{"rendered":"Aux saveurs de Boussy"},"content":{"rendered":"\n<p>Pains, viennoiseries et p\u00e2tisseries vous attendent dans votre boulangerie-p\u00e2tisserie Aux saveurs de Boussy pour r\u00e9galer vos papilles!<\/p>\n","protected":false},"author":14,"featured_media":1452848,"template":"","categorie-boutique":[182],"class_list":["post-1452847","boutique","type-boutique","status-publish","has-post-thumbnail","hentry","categorie-boutique-restauration-alimentation"],"acf":[],"yoast_head":"<!-- This site is optimized with the Yoast SEO plugin v27.7 - https:\/\/yoast.com\/product\/yoast-seo-wordpress\/ -->\n<title>Aux saveurs de Boussy - Centre Commercial Carrefour Val d&#039;Yerres - Boussy<\/title>\n<meta name=\"robots\" content=\"index, follow, max-snippet:-1, max-image-preview:large, max-video-preview:-1\" \/>\n<link rel=\"canonical\" href=\"http:\/\/www.centre-commercial.fr\/carrefour-valdyerres\/boutique\/aux-saveurs-de-boussy\/\" \/>\n<meta property=\"og:locale\" content=\"fr_FR\" \/>\n<meta property=\"og:type\" content=\"article\" \/>\n<meta property=\"og:title\" content=\"Aux saveurs de Boussy - Centre Commercial Carrefour Val d&#039;Yerres - Boussy\" \/>\n<meta property=\"og:description\" content=\"Pains, viennoiseries et p\u00e2tisseries vous attendent dans votre boulangerie-p\u00e2tisserie Aux saveurs de Boussy pour r\u00e9galer vos papilles!\" \/>\n<meta property=\"og:url\" content=\"http:\/\/www.centre-commercial.fr\/carrefour-valdyerres\/boutique\/aux-saveurs-de-boussy\/\" \/>\n<meta property=\"og:site_name\" content=\"Centre Commercial Carrefour Val d&#039;Yerres - Boussy\" \/>\n<meta property=\"article:modified_time\" content=\"2024-12-11T14:29:30+00:00\" \/>\n<meta property=\"og:image\" content=\"https:\/\/www.centre-commercial.fr\/carrefour-valdyerres\/wp-content\/uploads\/sites\/182\/2024\/10\/Aux-saveurs-de-Boussy.png\" \/>\n\t<meta property=\"og:image:width\" content=\"430\" \/>\n\t<meta property=\"og:image:height\" content=\"156\" \/>\n\t<meta property=\"og:image:type\" content=\"image\/png\" \/>\n<meta name=\"twitter:card\" content=\"summary_large_image\" \/>\n<meta name=\"twitter:label1\" content=\"Dur\u00e9e de lecture estim\u00e9e\" \/>\n\t<meta name=\"twitter:data1\" content=\"1 minute\" \/>\n<script type=\"application\/ld+json\" class=\"yoast-schema-graph\">{\"@context\":\"https:\\\/\\\/schema.org\",\"@graph\":[{\"@type\":\"WebPage\",\"@id\":\"http:\\\/\\\/www.centre-commercial.fr\\\/carrefour-valdyerres\\\/boutique\\\/aux-saveurs-de-boussy\\\/\",\"url\":\"http:\\\/\\\/www.centre-commercial.fr\\\/carrefour-valdyerres\\\/boutique\\\/aux-saveurs-de-boussy\\\/\",\"name\":\"Aux saveurs de Boussy - Centre Commercial Carrefour Val d&#039;Yerres - Boussy\",\"isPartOf\":{\"@id\":\"https:\\\/\\\/www.centre-commercial.fr\\\/carrefour-valdyerres\\\/#website\"},\"primaryImageOfPage\":{\"@id\":\"http:\\\/\\\/www.centre-commercial.fr\\\/carrefour-valdyerres\\\/boutique\\\/aux-saveurs-de-boussy\\\/#primaryimage\"},\"image\":{\"@id\":\"http:\\\/\\\/www.centre-commercial.fr\\\/carrefour-valdyerres\\\/boutique\\\/aux-saveurs-de-boussy\\\/#primaryimage\"},\"thumbnailUrl\":\"https:\\\/\\\/www.centre-commercial.fr\\\/carrefour-valdyerres\\\/wp-content\\\/uploads\\\/sites\\\/182\\\/2024\\\/10\\\/Aux-saveurs-de-Boussy.png\",\"datePublished\":\"2024-10-23T08:27:19+00:00\",\"dateModified\":\"2024-12-11T14:29:30+00:00\",\"breadcrumb\":{\"@id\":\"http:\\\/\\\/www.centre-commercial.fr\\\/carrefour-valdyerres\\\/boutique\\\/aux-saveurs-de-boussy\\\/#breadcrumb\"},\"inLanguage\":\"fr-FR\",\"potentialAction\":[{\"@type\":\"ReadAction\",\"target\":[\"http:\\\/\\\/www.centre-commercial.fr\\\/carrefour-valdyerres\\\/boutique\\\/aux-saveurs-de-boussy\\\/\"]}]},{\"@type\":\"ImageObject\",\"inLanguage\":\"fr-FR\",\"@id\":\"http:\\\/\\\/www.centre-commercial.fr\\\/carrefour-valdyerres\\\/boutique\\\/aux-saveurs-de-boussy\\\/#primaryimage\",\"url\":\"https:\\\/\\\/www.centre-commercial.fr\\\/carrefour-valdyerres\\\/wp-content\\\/uploads\\\/sites\\\/182\\\/2024\\\/10\\\/Aux-saveurs-de-Boussy.png\",\"contentUrl\":\"https:\\\/\\\/www.centre-commercial.fr\\\/carrefour-valdyerres\\\/wp-content\\\/uploads\\\/sites\\\/182\\\/2024\\\/10\\\/Aux-saveurs-de-Boussy.png\",\"width\":430,\"height\":156},{\"@type\":\"BreadcrumbList\",\"@id\":\"http:\\\/\\\/www.centre-commercial.fr\\\/carrefour-valdyerres\\\/boutique\\\/aux-saveurs-de-boussy\\\/#breadcrumb\",\"itemListElement\":[{\"@type\":\"ListItem\",\"position\":1,\"name\":\"Accueil\",\"item\":\"https:\\\/\\\/www.centre-commercial.fr\\\/carrefour-valdyerres\\\/\"},{\"@type\":\"ListItem\",\"position\":2,\"name\":\"Boutiques\",\"item\":\"https:\\\/\\\/www.centre-commercial.fr\\\/carrefour-valdyerres\\\/boutiques\\\/\"},{\"@type\":\"ListItem\",\"position\":3,\"name\":\"Aux saveurs de Boussy\",\"item\":\"http:\\\/\\\/www.centre-commercial.fr\\\/carrefour-valdyerres\\\/boutique\\\/aux-saveurs-de-boussy\\\/\"}]},{\"@type\":\"WebSite\",\"@id\":\"https:\\\/\\\/www.centre-commercial.fr\\\/carrefour-valdyerres\\\/#website\",\"url\":\"https:\\\/\\\/www.centre-commercial.fr\\\/carrefour-valdyerres\\\/\",\"name\":\"Centre Commercial Carrefour Val d&#039;Yerres - Boussy\",\"description\":\"\",\"publisher\":{\"@id\":\"https:\\\/\\\/www.centre-commercial.fr\\\/carrefour-valdyerres\\\/#organization\"},\"potentialAction\":[{\"@type\":\"SearchAction\",\"target\":{\"@type\":\"EntryPoint\",\"urlTemplate\":\"https:\\\/\\\/www.centre-commercial.fr\\\/carrefour-valdyerres\\\/?s={search_term_string}\"},\"query-input\":{\"@type\":\"PropertyValueSpecification\",\"valueRequired\":true,\"valueName\":\"search_term_string\"}}],\"inLanguage\":\"fr-FR\"},{\"@type\":\"Organization\",\"@id\":\"https:\\\/\\\/www.centre-commercial.fr\\\/carrefour-valdyerres\\\/#organization\",\"name\":\"Centre Commercial Carrefour Val d&#039;Yerres - Boussy\",\"url\":\"https:\\\/\\\/www.centre-commercial.fr\\\/carrefour-valdyerres\\\/\",\"logo\":{\"@type\":\"ImageObject\",\"inLanguage\":\"fr-FR\",\"@id\":\"https:\\\/\\\/www.centre-commercial.fr\\\/carrefour-valdyerres\\\/#\\\/schema\\\/logo\\\/image\\\/\",\"url\":\"https:\\\/\\\/www.centre-commercial.fr\\\/carrefour-valdyerres\\\/wp-content\\\/uploads\\\/sites\\\/182\\\/2024\\\/12\\\/cropped-Val-d_Yerres-Boussy-562x192_RVB.png\",\"contentUrl\":\"https:\\\/\\\/www.centre-commercial.fr\\\/carrefour-valdyerres\\\/wp-content\\\/uploads\\\/sites\\\/182\\\/2024\\\/12\\\/cropped-Val-d_Yerres-Boussy-562x192_RVB.png\",\"width\":563,\"height\":193,\"caption\":\"Centre Commercial Carrefour Val d&#039;Yerres - Boussy\"},\"image\":{\"@id\":\"https:\\\/\\\/www.centre-commercial.fr\\\/carrefour-valdyerres\\\/#\\\/schema\\\/logo\\\/image\\\/\"}}]}<\/script>\n<!-- \/ Yoast SEO plugin. -->","yoast_head_json":{"title":"Aux saveurs de Boussy - Centre Commercial Carrefour Val d&#039;Yerres - Boussy","robots":{"index":"index","follow":"follow","max-snippet":"max-snippet:-1","max-image-preview":"max-image-preview:large","max-video-preview":"max-video-preview:-1"},"canonical":"http:\/\/www.centre-commercial.fr\/carrefour-valdyerres\/boutique\/aux-saveurs-de-boussy\/","og_locale":"fr_FR","og_type":"article","og_title":"Aux saveurs de Boussy - Centre Commercial Carrefour Val d&#039;Yerres - Boussy","og_description":"Pains, viennoiseries et p\u00e2tisseries vous attendent dans votre boulangerie-p\u00e2tisserie Aux saveurs de Boussy pour r\u00e9galer vos papilles!","og_url":"http:\/\/www.centre-commercial.fr\/carrefour-valdyerres\/boutique\/aux-saveurs-de-boussy\/","og_site_name":"Centre Commercial Carrefour Val d&#039;Yerres - Boussy","article_modified_time":"2024-12-11T14:29:30+00:00","og_image":[{"width":430,"height":156,"url":"https:\/\/www.centre-commercial.fr\/carrefour-valdyerres\/wp-content\/uploads\/sites\/182\/2024\/10\/Aux-saveurs-de-Boussy.png","type":"image\/png"}],"twitter_card":"summary_large_image","twitter_misc":{"Dur\u00e9e de lecture estim\u00e9e":"1 minute"},"schema":{"@context":"https:\/\/schema.org","@graph":[{"@type":"WebPage","@id":"http:\/\/www.centre-commercial.fr\/carrefour-valdyerres\/boutique\/aux-saveurs-de-boussy\/","url":"http:\/\/www.centre-commercial.fr\/carrefour-valdyerres\/boutique\/aux-saveurs-de-boussy\/","name":"Aux saveurs de Boussy - Centre Commercial Carrefour Val d&#039;Yerres - Boussy","isPartOf":{"@id":"https:\/\/www.centre-commercial.fr\/carrefour-valdyerres\/#website"},"primaryImageOfPage":{"@id":"http:\/\/www.centre-commercial.fr\/carrefour-valdyerres\/boutique\/aux-saveurs-de-boussy\/#primaryimage"},"image":{"@id":"http:\/\/www.centre-commercial.fr\/carrefour-valdyerres\/boutique\/aux-saveurs-de-boussy\/#primaryimage"},"thumbnailUrl":"https:\/\/www.centre-commercial.fr\/carrefour-valdyerres\/wp-content\/uploads\/sites\/182\/2024\/10\/Aux-saveurs-de-Boussy.png","datePublished":"2024-10-23T08:27:19+00:00","dateModified":"2024-12-11T14:29:30+00:00","breadcrumb":{"@id":"http:\/\/www.centre-commercial.fr\/carrefour-valdyerres\/boutique\/aux-saveurs-de-boussy\/#breadcrumb"},"inLanguage":"fr-FR","potentialAction":[{"@type":"ReadAction","target":["http:\/\/www.centre-commercial.fr\/carrefour-valdyerres\/boutique\/aux-saveurs-de-boussy\/"]}]},{"@type":"ImageObject","inLanguage":"fr-FR","@id":"http:\/\/www.centre-commercial.fr\/carrefour-valdyerres\/boutique\/aux-saveurs-de-boussy\/#primaryimage","url":"https:\/\/www.centre-commercial.fr\/carrefour-valdyerres\/wp-content\/uploads\/sites\/182\/2024\/10\/Aux-saveurs-de-Boussy.png","contentUrl":"https:\/\/www.centre-commercial.fr\/carrefour-valdyerres\/wp-content\/uploads\/sites\/182\/2024\/10\/Aux-saveurs-de-Boussy.png","width":430,"height":156},{"@type":"BreadcrumbList","@id":"http:\/\/www.centre-commercial.fr\/carrefour-valdyerres\/boutique\/aux-saveurs-de-boussy\/#breadcrumb","itemListElement":[{"@type":"ListItem","position":1,"name":"Accueil","item":"https:\/\/www.centre-commercial.fr\/carrefour-valdyerres\/"},{"@type":"ListItem","position":2,"name":"Boutiques","item":"https:\/\/www.centre-commercial.fr\/carrefour-valdyerres\/boutiques\/"},{"@type":"ListItem","position":3,"name":"Aux saveurs de Boussy","item":"http:\/\/www.centre-commercial.fr\/carrefour-valdyerres\/boutique\/aux-saveurs-de-boussy\/"}]},{"@type":"WebSite","@id":"https:\/\/www.centre-commercial.fr\/carrefour-valdyerres\/#website","url":"https:\/\/www.centre-commercial.fr\/carrefour-valdyerres\/","name":"Centre Commercial Carrefour Val d&#039;Yerres - Boussy","description":"","publisher":{"@id":"https:\/\/www.centre-commercial.fr\/carrefour-valdyerres\/#organization"},"potentialAction":[{"@type":"SearchAction","target":{"@type":"EntryPoint","urlTemplate":"https:\/\/www.centre-commercial.fr\/carrefour-valdyerres\/?s={search_term_string}"},"query-input":{"@type":"PropertyValueSpecification","valueRequired":true,"valueName":"search_term_string"}}],"inLanguage":"fr-FR"},{"@type":"Organization","@id":"https:\/\/www.centre-commercial.fr\/carrefour-valdyerres\/#organization","name":"Centre Commercial Carrefour Val d&#039;Yerres - Boussy","url":"https:\/\/www.centre-commercial.fr\/carrefour-valdyerres\/","logo":{"@type":"ImageObject","inLanguage":"fr-FR","@id":"https:\/\/www.centre-commercial.fr\/carrefour-valdyerres\/#\/schema\/logo\/image\/","url":"https:\/\/www.centre-commercial.fr\/carrefour-valdyerres\/wp-content\/uploads\/sites\/182\/2024\/12\/cropped-Val-d_Yerres-Boussy-562x192_RVB.png","contentUrl":"https:\/\/www.centre-commercial.fr\/carrefour-valdyerres\/wp-content\/uploads\/sites\/182\/2024\/12\/cropped-Val-d_Yerres-Boussy-562x192_RVB.png","width":563,"height":193,"caption":"Centre Commercial Carrefour Val d&#039;Yerres - Boussy"},"image":{"@id":"https:\/\/www.centre-commercial.fr\/carrefour-valdyerres\/#\/schema\/logo\/image\/"}}]}},"boutique_nationale":null,"publishpress_future_action":{"enabled":false,"date":"2026-09-08 09:14:09","action":"change-status","newStatus":"draft","terms":[],"taxonomy":"categorie-boutique","extraData":[]},"publishpress_future_workflow_manual_trigger":{"enabledWorkflows":[]},"_links":{"self":[{"href":"https:\/\/www.centre-commercial.fr\/carrefour-valdyerres\/wp-json\/wp\/v2\/boutique\/1452847","targetHints":{"allow":["GET"]}}],"collection":[{"href":"https:\/\/www.centre-commercial.fr\/carrefour-valdyerres\/wp-json\/wp\/v2\/boutique"}],"about":[{"href":"https:\/\/www.centre-commercial.fr\/carrefour-valdyerres\/wp-json\/wp\/v2\/types\/boutique"}],"author":[{"embeddable":true,"href":"https:\/\/www.centre-commercial.fr\/carrefour-valdyerres\/wp-json\/wp\/v2\/users\/14"}],"version-history":[{"count":1,"href":"https:\/\/www.centre-commercial.fr\/carrefour-valdyerres\/wp-json\/wp\/v2\/boutique\/1452847\/revisions"}],"predecessor-version":[{"id":1452849,"href":"https:\/\/www.centre-commercial.fr\/carrefour-valdyerres\/wp-json\/wp\/v2\/boutique\/1452847\/revisions\/1452849"}],"wp:featuredmedia":[{"embeddable":true,"href":"https:\/\/www.centre-commercial.fr\/carrefour-valdyerres\/wp-json\/wp\/v2\/media\/1452848"}],"wp:attachment":[{"href":"https:\/\/www.centre-commercial.fr\/carrefour-valdyerres\/wp-json\/wp\/v2\/media?parent=1452847"}],"wp:term":[{"taxonomy":"categorie-boutique","embeddable":true,"href":"https:\/\/www.centre-commercial.fr\/carrefour-valdyerres\/wp-json\/wp\/v2\/categorie-boutique?post=1452847"}],"curies":[{"name":"wp","href":"https:\/\/api.w.org\/{rel}","templated":true}]}}

<p>Pains, viennoiseries et pâtisseries vous attendent dans votre boulangerie-pâtisserie Aux saveurs de Boussy pour régaler vos papilles!</p>

<!-- This site is optimized with the Yoast SEO plugin v27.7 - https://yoast.com/product/yoast-seo-wordpress/ -->
<title>Aux saveurs de Boussy - Centre Commercial Carrefour Val d&#039;Yerres - Boussy</title>
<meta name="robots" content="index, follow, max-snippet:-1, max-image-preview:large, max-video-preview:-1" />
<link rel="canonical" href="http://www.centre-commercial.fr/carrefour-valdyerres/boutique/aux-saveurs-de-boussy/" />
<meta property="og:locale" content="fr_FR" />
<meta property="og:type" content="article" />
<meta property="og:title" content="Aux saveurs de Boussy - Centre Commercial Carrefour Val d&#039;Yerres - Boussy" />
<meta property="og:description" content="Pains, viennoiseries et pâtisseries vous attendent dans votre boulangerie-pâtisserie Aux saveurs de Boussy pour régaler vos papilles!" />
<meta property="og:url" content="http://www.centre-commercial.fr/carrefour-valdyerres/boutique/aux-saveurs-de-boussy/" />
<meta property="og:site_name" content="Centre Commercial Carrefour Val d&#039;Yerres - Boussy" />
<meta property="article:modified_time" content="2024-12-11T14:29:30+00:00" />
<meta property="og:image" content="https://www.centre-commercial.fr/carrefour-valdyerres/wp-content/uploads/sites/182/2024/10/Aux-saveurs-de-Boussy.png" />
	<meta property="og:image:width" content="430" />
	<meta property="og:image:height" content="156" />
	<meta property="og:image:type" content="image/png" />
<meta name="twitter:card" content="summary_large_image" />
<meta name="twitter:label1" content="Durée de lecture estimée" />
	<meta name="twitter:data1" content="1 minute" />
<script type="application/ld+json" class="yoast-schema-graph">{"@context":"https:\/\/schema.org","@graph":[{"@type":"WebPage","@id":"http:\/\/www.centre-commercial.fr\/carrefour-valdyerres\/boutique\/aux-saveurs-de-boussy\/","url":"http:\/\/www.centre-commercial.fr\/carrefour-valdyerres\/boutique\/aux-saveurs-de-boussy\/","name":"Aux saveurs de Boussy - Centre Commercial Carrefour Val d&#039;Yerres - Boussy","isPartOf":{"@id":"https:\/\/www.centre-commercial.fr\/carrefour-valdyerres\/#website"},"primaryImageOfPage":{"@id":"http:\/\/www.centre-commercial.fr\/carrefour-valdyerres\/boutique\/aux-saveurs-de-boussy\/#primaryimage"},"image":{"@id":"http:\/\/www.centre-commercial.fr\/carrefour-valdyerres\/boutique\/aux-saveurs-de-boussy\/#primaryimage"},"thumbnailUrl":"https:\/\/www.centre-commercial.fr\/carrefour-valdyerres\/wp-content\/uploads\/sites\/182\/2024\/10\/Aux-saveurs-de-Boussy.png","datePublished":"2024-10-23T08:27:19+00:00","dateModified":"2024-12-11T14:29:30+00:00","breadcrumb":{"@id":"http:\/\/www.centre-commercial.fr\/carrefour-valdyerres\/boutique\/aux-saveurs-de-boussy\/#breadcrumb"},"inLanguage":"fr-FR","potentialAction":[{"@type":"ReadAction","target":["http:\/\/www.centre-commercial.fr\/carrefour-valdyerres\/boutique\/aux-saveurs-de-boussy\/"]}]},{"@type":"ImageObject","inLanguage":"fr-FR","@id":"http:\/\/www.centre-commercial.fr\/carrefour-valdyerres\/boutique\/aux-saveurs-de-boussy\/#primaryimage","url":"https:\/\/www.centre-commercial.fr\/carrefour-valdyerres\/wp-content\/uploads\/sites\/182\/2024\/10\/Aux-saveurs-de-Boussy.png","contentUrl":"https:\/\/www.centre-commercial.fr\/carrefour-valdyerres\/wp-content\/uploads\/sites\/182\/2024\/10\/Aux-saveurs-de-Boussy.png","width":430,"height":156},{"@type":"BreadcrumbList","@id":"http:\/\/www.centre-commercial.fr\/carrefour-valdyerres\/boutique\/aux-saveurs-de-boussy\/#breadcrumb","itemListElement":[{"@type":"ListItem","position":1,"name":"Accueil","item":"https:\/\/www.centre-commercial.fr\/carrefour-valdyerres\/"},{"@type":"ListItem","position":2,"name":"Boutiques","item":"https:\/\/www.centre-commercial.fr\/carrefour-valdyerres\/boutiques\/"},{"@type":"ListItem","position":3,"name":"Aux saveurs de Boussy","item":"http:\/\/www.centre-commercial.fr\/carrefour-valdyerres\/boutique\/aux-saveurs-de-boussy\/"}]},{"@type":"WebSite","@id":"https:\/\/www.centre-commercial.fr\/carrefour-valdyerres\/#website","url":"https:\/\/www.centre-commercial.fr\/carrefour-valdyerres\/","name":"Centre Commercial Carrefour Val d&#039;Yerres - Boussy","description":"","publisher":{"@id":"https:\/\/www.centre-commercial.fr\/carrefour-valdyerres\/#organization"},"potentialAction":[{"@type":"SearchAction","target":{"@type":"EntryPoint","urlTemplate":"https:\/\/www.centre-commercial.fr\/carrefour-valdyerres\/?s={search_term_string}"},"query-input":{"@type":"PropertyValueSpecification","valueRequired":true,"valueName":"search_term_string"}}],"inLanguage":"fr-FR"},{"@type":"Organization","@id":"https:\/\/www.centre-commercial.fr\/carrefour-valdyerres\/#organization","name":"Centre Commercial Carrefour Val d&#039;Yerres - Boussy","url":"https:\/\/www.centre-commercial.fr\/carrefour-valdyerres\/","logo":{"@type":"ImageObject","inLanguage":"fr-FR","@id":"https:\/\/www.centre-commercial.fr\/carrefour-valdyerres\/#\/schema\/logo\/image\/","url":"https:\/\/www.centre-commercial.fr\/carrefour-valdyerres\/wp-content\/uploads\/sites\/182\/2024\/12\/cropped-Val-d_Yerres-Boussy-562x192_RVB.png","contentUrl":"https:\/\/www.centre-commercial.fr\/carrefour-valdyerres\/wp-content\/uploads\/sites\/182\/2024\/12\/cropped-Val-d_Yerres-Boussy-562x192_RVB.png","width":563,"height":193,"caption":"Centre Commercial Carrefour Val d&#039;Yerres - Boussy"},"image":{"@id":"https:\/\/www.centre-commercial.fr\/carrefour-valdyerres\/#\/schema\/logo\/image\/"}}]}</script>
<!-- / Yoast SEO plugin. -->

Pains, viennoiseries et pâtisseries vous attendent dans votre boulangerie-pâtisserie Aux saveurs de Boussy pour régaler vos papilles!
