{"id":36572927,"date":"2026-07-16T11:34:20","date_gmt":"2026-07-16T09:34:20","guid":{"rendered":"https:\/\/www.centre-commercial.fr\/bab2\/?post_type=boutique&#038;p=36572927"},"modified":"2026-08-27T11:49:37","modified_gmt":"2026-08-27T09:49:37","slug":"nespresso","status":"publish","type":"boutique","link":"https:\/\/www.centre-commercial.fr\/bab2\/boutique\/nespresso\/","title":{"rendered":"Nespresso"},"content":{"rendered":"\n<p><em>Nespresso\u00a0est le pionnier et la r\u00e9f\u00e9rence en mati\u00e8re de caf\u00e9 de haute qualit\u00e9 cultiv\u00e9 de fa\u00e7on plus durable.<\/em><br><em>L\u2019entreprise collabore avec plus de 130 000 fermes dans 18 pays dans le cadre du Plan\u00a0Nespresso\u00a0pour une qualit\u00e9 plus durable afin de favoriser des pratiques agricoles plus durables dans les fermes et leur \u00e9cosyst\u00e8me.<\/em><br><em>En 2022,\u00a0Nespresso\u00a0a obtenu la certification B Corp\u2122, un mouvement mondial qui \u0153uvre au service des humains et du vivant.<\/em><\/p>\n\n\n\n<p><\/p>\n","protected":false},"author":52466,"featured_media":36573221,"template":"","categorie-boutique":[4347],"class_list":["post-36572927","boutique","type-boutique","status-publish","has-post-thumbnail","hentry","categorie-boutique-restauration-alimentation"],"acf":[],"yoast_head":"<!-- This site is optimized with the Yoast SEO plugin v27.7 - https:\/\/yoast.com\/product\/yoast-seo-wordpress\/ -->\n<title>Nespresso - Centre Commercial BAB2<\/title>\n<meta name=\"robots\" content=\"index, follow, max-snippet:-1, max-image-preview:large, max-video-preview:-1\" \/>\n<link rel=\"canonical\" href=\"https:\/\/www.centre-commercial.fr\/bab2\/boutique\/nespresso\/\" \/>\n<meta property=\"og:locale\" content=\"fr_FR\" \/>\n<meta property=\"og:type\" content=\"article\" \/>\n<meta property=\"og:title\" content=\"Nespresso - Centre Commercial BAB2\" \/>\n<meta property=\"og:description\" content=\"Nespresso\u00a0est le pionnier et la r\u00e9f\u00e9rence en mati\u00e8re de caf\u00e9 de haute qualit\u00e9 cultiv\u00e9 de fa\u00e7on plus durable.L\u2019entreprise collabore avec plus de 130 000 fermes dans 18 pays dans le cadre du Plan\u00a0Nespresso\u00a0pour une qualit\u00e9 plus durable afin de favoriser des pratiques agricoles plus durables dans les fermes et leur \u00e9cosyst\u00e8me.En 2022,\u00a0Nespresso\u00a0a obtenu la certification [&hellip;]\" \/>\n<meta property=\"og:url\" content=\"https:\/\/www.centre-commercial.fr\/bab2\/boutique\/nespresso\/\" \/>\n<meta property=\"og:site_name\" content=\"Centre Commercial BAB2\" \/>\n<meta property=\"article:modified_time\" content=\"2026-08-27T09:49:37+00:00\" \/>\n<meta property=\"og:image\" content=\"https:\/\/www.centre-commercial.fr\/bab2\/wp-content\/uploads\/sites\/38\/2026\/07\/unnamed.webp\" \/>\n\t<meta property=\"og:image:width\" content=\"866\" \/>\n\t<meta property=\"og:image:height\" content=\"866\" \/>\n\t<meta property=\"og:image:type\" content=\"image\/webp\" \/>\n<meta name=\"twitter:card\" content=\"summary_large_image\" \/>\n<script type=\"application\/ld+json\" class=\"yoast-schema-graph\">{\"@context\":\"https:\\\/\\\/schema.org\",\"@graph\":[{\"@type\":\"WebPage\",\"@id\":\"https:\\\/\\\/www.centre-commercial.fr\\\/bab2\\\/boutique\\\/nespresso\\\/\",\"url\":\"https:\\\/\\\/www.centre-commercial.fr\\\/bab2\\\/boutique\\\/nespresso\\\/\",\"name\":\"Nespresso - Centre Commercial BAB2\",\"isPartOf\":{\"@id\":\"https:\\\/\\\/www.centre-commercial.fr\\\/bab2\\\/#website\"},\"primaryImageOfPage\":{\"@id\":\"https:\\\/\\\/www.centre-commercial.fr\\\/bab2\\\/boutique\\\/nespresso\\\/#primaryimage\"},\"image\":{\"@id\":\"https:\\\/\\\/www.centre-commercial.fr\\\/bab2\\\/boutique\\\/nespresso\\\/#primaryimage\"},\"thumbnailUrl\":\"https:\\\/\\\/www.centre-commercial.fr\\\/bab2\\\/wp-content\\\/uploads\\\/sites\\\/38\\\/2026\\\/07\\\/unnamed.webp\",\"datePublished\":\"2026-07-16T09:34:20+00:00\",\"dateModified\":\"2026-08-27T09:49:37+00:00\",\"breadcrumb\":{\"@id\":\"https:\\\/\\\/www.centre-commercial.fr\\\/bab2\\\/boutique\\\/nespresso\\\/#breadcrumb\"},\"inLanguage\":\"fr-FR\",\"potentialAction\":[{\"@type\":\"ReadAction\",\"target\":[\"https:\\\/\\\/www.centre-commercial.fr\\\/bab2\\\/boutique\\\/nespresso\\\/\"]}]},{\"@type\":\"ImageObject\",\"inLanguage\":\"fr-FR\",\"@id\":\"https:\\\/\\\/www.centre-commercial.fr\\\/bab2\\\/boutique\\\/nespresso\\\/#primaryimage\",\"url\":\"https:\\\/\\\/www.centre-commercial.fr\\\/bab2\\\/wp-content\\\/uploads\\\/sites\\\/38\\\/2026\\\/07\\\/unnamed.webp\",\"contentUrl\":\"https:\\\/\\\/www.centre-commercial.fr\\\/bab2\\\/wp-content\\\/uploads\\\/sites\\\/38\\\/2026\\\/07\\\/unnamed.webp\",\"width\":866,\"height\":866},{\"@type\":\"BreadcrumbList\",\"@id\":\"https:\\\/\\\/www.centre-commercial.fr\\\/bab2\\\/boutique\\\/nespresso\\\/#breadcrumb\",\"itemListElement\":[{\"@type\":\"ListItem\",\"position\":1,\"name\":\"Accueil\",\"item\":\"https:\\\/\\\/www.centre-commercial.fr\\\/bab2\\\/\"},{\"@type\":\"ListItem\",\"position\":2,\"name\":\"Boutiques\",\"item\":\"https:\\\/\\\/www.centre-commercial.fr\\\/bab2\\\/boutiques\\\/\"},{\"@type\":\"ListItem\",\"position\":3,\"name\":\"Nespresso\",\"item\":\"https:\\\/\\\/www.centre-commercial.fr\\\/bab2\\\/boutique\\\/nespresso\\\/\"}]},{\"@type\":\"WebSite\",\"@id\":\"https:\\\/\\\/www.centre-commercial.fr\\\/bab2\\\/#website\",\"url\":\"https:\\\/\\\/www.centre-commercial.fr\\\/bab2\\\/\",\"name\":\"Centre Commercial BAB2\",\"description\":\"\",\"publisher\":{\"@id\":\"https:\\\/\\\/www.centre-commercial.fr\\\/bab2\\\/#organization\"},\"potentialAction\":[{\"@type\":\"SearchAction\",\"target\":{\"@type\":\"EntryPoint\",\"urlTemplate\":\"https:\\\/\\\/www.centre-commercial.fr\\\/bab2\\\/?s={search_term_string}\"},\"query-input\":{\"@type\":\"PropertyValueSpecification\",\"valueRequired\":true,\"valueName\":\"search_term_string\"}}],\"inLanguage\":\"fr-FR\"},{\"@type\":\"Organization\",\"@id\":\"https:\\\/\\\/www.centre-commercial.fr\\\/bab2\\\/#organization\",\"name\":\"Centre Commercial BAB2\",\"url\":\"https:\\\/\\\/www.centre-commercial.fr\\\/bab2\\\/\",\"logo\":{\"@type\":\"ImageObject\",\"inLanguage\":\"fr-FR\",\"@id\":\"https:\\\/\\\/www.centre-commercial.fr\\\/bab2\\\/#\\\/schema\\\/logo\\\/image\\\/\",\"url\":\"https:\\\/\\\/www.centre-commercial.fr\\\/bab2\\\/wp-content\\\/uploads\\\/sites\\\/38\\\/2023\\\/03\\\/cropped-big-Logo-BAB2-avec-baseline-new.png\",\"contentUrl\":\"https:\\\/\\\/www.centre-commercial.fr\\\/bab2\\\/wp-content\\\/uploads\\\/sites\\\/38\\\/2023\\\/03\\\/cropped-big-Logo-BAB2-avec-baseline-new.png\",\"width\":450,\"height\":144,\"caption\":\"Centre Commercial BAB2\"},\"image\":{\"@id\":\"https:\\\/\\\/www.centre-commercial.fr\\\/bab2\\\/#\\\/schema\\\/logo\\\/image\\\/\"}}]}<\/script>\n<!-- \/ Yoast SEO plugin. -->","yoast_head_json":{"title":"Nespresso - Centre Commercial BAB2","robots":{"index":"index","follow":"follow","max-snippet":"max-snippet:-1","max-image-preview":"max-image-preview:large","max-video-preview":"max-video-preview:-1"},"canonical":"https:\/\/www.centre-commercial.fr\/bab2\/boutique\/nespresso\/","og_locale":"fr_FR","og_type":"article","og_title":"Nespresso - Centre Commercial BAB2","og_description":"Nespresso\u00a0est le pionnier et la r\u00e9f\u00e9rence en mati\u00e8re de caf\u00e9 de haute qualit\u00e9 cultiv\u00e9 de fa\u00e7on plus durable.L\u2019entreprise collabore avec plus de 130 000 fermes dans 18 pays dans le cadre du Plan\u00a0Nespresso\u00a0pour une qualit\u00e9 plus durable afin de favoriser des pratiques agricoles plus durables dans les fermes et leur \u00e9cosyst\u00e8me.En 2022,\u00a0Nespresso\u00a0a obtenu la certification [&hellip;]","og_url":"https:\/\/www.centre-commercial.fr\/bab2\/boutique\/nespresso\/","og_site_name":"Centre Commercial BAB2","article_modified_time":"2026-08-27T09:49:37+00:00","og_image":[{"width":866,"height":866,"url":"https:\/\/www.centre-commercial.fr\/bab2\/wp-content\/uploads\/sites\/38\/2026\/07\/unnamed.webp","type":"image\/webp"}],"twitter_card":"summary_large_image","schema":{"@context":"https:\/\/schema.org","@graph":[{"@type":"WebPage","@id":"https:\/\/www.centre-commercial.fr\/bab2\/boutique\/nespresso\/","url":"https:\/\/www.centre-commercial.fr\/bab2\/boutique\/nespresso\/","name":"Nespresso - Centre Commercial BAB2","isPartOf":{"@id":"https:\/\/www.centre-commercial.fr\/bab2\/#website"},"primaryImageOfPage":{"@id":"https:\/\/www.centre-commercial.fr\/bab2\/boutique\/nespresso\/#primaryimage"},"image":{"@id":"https:\/\/www.centre-commercial.fr\/bab2\/boutique\/nespresso\/#primaryimage"},"thumbnailUrl":"https:\/\/www.centre-commercial.fr\/bab2\/wp-content\/uploads\/sites\/38\/2026\/07\/unnamed.webp","datePublished":"2026-07-16T09:34:20+00:00","dateModified":"2026-08-27T09:49:37+00:00","breadcrumb":{"@id":"https:\/\/www.centre-commercial.fr\/bab2\/boutique\/nespresso\/#breadcrumb"},"inLanguage":"fr-FR","potentialAction":[{"@type":"ReadAction","target":["https:\/\/www.centre-commercial.fr\/bab2\/boutique\/nespresso\/"]}]},{"@type":"ImageObject","inLanguage":"fr-FR","@id":"https:\/\/www.centre-commercial.fr\/bab2\/boutique\/nespresso\/#primaryimage","url":"https:\/\/www.centre-commercial.fr\/bab2\/wp-content\/uploads\/sites\/38\/2026\/07\/unnamed.webp","contentUrl":"https:\/\/www.centre-commercial.fr\/bab2\/wp-content\/uploads\/sites\/38\/2026\/07\/unnamed.webp","width":866,"height":866},{"@type":"BreadcrumbList","@id":"https:\/\/www.centre-commercial.fr\/bab2\/boutique\/nespresso\/#breadcrumb","itemListElement":[{"@type":"ListItem","position":1,"name":"Accueil","item":"https:\/\/www.centre-commercial.fr\/bab2\/"},{"@type":"ListItem","position":2,"name":"Boutiques","item":"https:\/\/www.centre-commercial.fr\/bab2\/boutiques\/"},{"@type":"ListItem","position":3,"name":"Nespresso","item":"https:\/\/www.centre-commercial.fr\/bab2\/boutique\/nespresso\/"}]},{"@type":"WebSite","@id":"https:\/\/www.centre-commercial.fr\/bab2\/#website","url":"https:\/\/www.centre-commercial.fr\/bab2\/","name":"Centre Commercial BAB2","description":"","publisher":{"@id":"https:\/\/www.centre-commercial.fr\/bab2\/#organization"},"potentialAction":[{"@type":"SearchAction","target":{"@type":"EntryPoint","urlTemplate":"https:\/\/www.centre-commercial.fr\/bab2\/?s={search_term_string}"},"query-input":{"@type":"PropertyValueSpecification","valueRequired":true,"valueName":"search_term_string"}}],"inLanguage":"fr-FR"},{"@type":"Organization","@id":"https:\/\/www.centre-commercial.fr\/bab2\/#organization","name":"Centre Commercial BAB2","url":"https:\/\/www.centre-commercial.fr\/bab2\/","logo":{"@type":"ImageObject","inLanguage":"fr-FR","@id":"https:\/\/www.centre-commercial.fr\/bab2\/#\/schema\/logo\/image\/","url":"https:\/\/www.centre-commercial.fr\/bab2\/wp-content\/uploads\/sites\/38\/2023\/03\/cropped-big-Logo-BAB2-avec-baseline-new.png","contentUrl":"https:\/\/www.centre-commercial.fr\/bab2\/wp-content\/uploads\/sites\/38\/2023\/03\/cropped-big-Logo-BAB2-avec-baseline-new.png","width":450,"height":144,"caption":"Centre Commercial BAB2"},"image":{"@id":"https:\/\/www.centre-commercial.fr\/bab2\/#\/schema\/logo\/image\/"}}]}},"boutique_nationale":16843167,"publishpress_future_workflow_manual_trigger":{"enabledWorkflows":[]},"_links":{"self":[{"href":"https:\/\/www.centre-commercial.fr\/bab2\/wp-json\/wp\/v2\/boutique\/36572927","targetHints":{"allow":["GET"]}}],"collection":[{"href":"https:\/\/www.centre-commercial.fr\/bab2\/wp-json\/wp\/v2\/boutique"}],"about":[{"href":"https:\/\/www.centre-commercial.fr\/bab2\/wp-json\/wp\/v2\/types\/boutique"}],"author":[{"embeddable":true,"href":"https:\/\/www.centre-commercial.fr\/bab2\/wp-json\/wp\/v2\/users\/52466"}],"version-history":[{"count":2,"href":"https:\/\/www.centre-commercial.fr\/bab2\/wp-json\/wp\/v2\/boutique\/36572927\/revisions"}],"predecessor-version":[{"id":36573220,"href":"https:\/\/www.centre-commercial.fr\/bab2\/wp-json\/wp\/v2\/boutique\/36572927\/revisions\/36573220"}],"wp:featuredmedia":[{"embeddable":true,"href":"https:\/\/www.centre-commercial.fr\/bab2\/wp-json\/wp\/v2\/media\/36573221"}],"wp:attachment":[{"href":"https:\/\/www.centre-commercial.fr\/bab2\/wp-json\/wp\/v2\/media?parent=36572927"}],"wp:term":[{"taxonomy":"categorie-boutique","embeddable":true,"href":"https:\/\/www.centre-commercial.fr\/bab2\/wp-json\/wp\/v2\/categorie-boutique?post=36572927"}],"curies":[{"name":"wp","href":"https:\/\/api.w.org\/{rel}","templated":true}]}}

<p><em>Nespresso est le pionnier et la référence en matière de café de haute qualité cultivé de façon plus durable.</em><br><em>L’entreprise collabore avec plus de 130 000 fermes dans 18 pays dans le cadre du Plan Nespresso pour une qualité plus durable afin de favoriser des pratiques agricoles plus durables dans les fermes et leur écosystème.</em><br><em>En 2022, Nespresso a obtenu la certification B Corp™, un mouvement mondial qui œuvre au service des humains et du vivant.</em></p>



<p></p>

<!-- This site is optimized with the Yoast SEO plugin v27.7 - https://yoast.com/product/yoast-seo-wordpress/ -->
<title>Nespresso - Centre Commercial BAB2</title>
<meta name="robots" content="index, follow, max-snippet:-1, max-image-preview:large, max-video-preview:-1" />
<link rel="canonical" href="https://www.centre-commercial.fr/bab2/boutique/nespresso/" />
<meta property="og:locale" content="fr_FR" />
<meta property="og:type" content="article" />
<meta property="og:title" content="Nespresso - Centre Commercial BAB2" />
<meta property="og:description" content="Nespresso est le pionnier et la référence en matière de café de haute qualité cultivé de façon plus durable.L’entreprise collabore avec plus de 130 000 fermes dans 18 pays dans le cadre du Plan Nespresso pour une qualité plus durable afin de favoriser des pratiques agricoles plus durables dans les fermes et leur écosystème.En 2022, Nespresso a obtenu la certification [&hellip;]" />
<meta property="og:url" content="https://www.centre-commercial.fr/bab2/boutique/nespresso/" />
<meta property="og:site_name" content="Centre Commercial BAB2" />
<meta property="article:modified_time" content="2026-08-27T09:49:37+00:00" />
<meta property="og:image" content="https://www.centre-commercial.fr/bab2/wp-content/uploads/sites/38/2026/07/unnamed.webp" />
	<meta property="og:image:width" content="866" />
	<meta property="og:image:height" content="866" />
	<meta property="og:image:type" content="image/webp" />
<meta name="twitter:card" content="summary_large_image" />
<script type="application/ld+json" class="yoast-schema-graph">{"@context":"https:\/\/schema.org","@graph":[{"@type":"WebPage","@id":"https:\/\/www.centre-commercial.fr\/bab2\/boutique\/nespresso\/","url":"https:\/\/www.centre-commercial.fr\/bab2\/boutique\/nespresso\/","name":"Nespresso - Centre Commercial BAB2","isPartOf":{"@id":"https:\/\/www.centre-commercial.fr\/bab2\/#website"},"primaryImageOfPage":{"@id":"https:\/\/www.centre-commercial.fr\/bab2\/boutique\/nespresso\/#primaryimage"},"image":{"@id":"https:\/\/www.centre-commercial.fr\/bab2\/boutique\/nespresso\/#primaryimage"},"thumbnailUrl":"https:\/\/www.centre-commercial.fr\/bab2\/wp-content\/uploads\/sites\/38\/2026\/07\/unnamed.webp","datePublished":"2026-07-16T09:34:20+00:00","dateModified":"2026-08-27T09:49:37+00:00","breadcrumb":{"@id":"https:\/\/www.centre-commercial.fr\/bab2\/boutique\/nespresso\/#breadcrumb"},"inLanguage":"fr-FR","potentialAction":[{"@type":"ReadAction","target":["https:\/\/www.centre-commercial.fr\/bab2\/boutique\/nespresso\/"]}]},{"@type":"ImageObject","inLanguage":"fr-FR","@id":"https:\/\/www.centre-commercial.fr\/bab2\/boutique\/nespresso\/#primaryimage","url":"https:\/\/www.centre-commercial.fr\/bab2\/wp-content\/uploads\/sites\/38\/2026\/07\/unnamed.webp","contentUrl":"https:\/\/www.centre-commercial.fr\/bab2\/wp-content\/uploads\/sites\/38\/2026\/07\/unnamed.webp","width":866,"height":866},{"@type":"BreadcrumbList","@id":"https:\/\/www.centre-commercial.fr\/bab2\/boutique\/nespresso\/#breadcrumb","itemListElement":[{"@type":"ListItem","position":1,"name":"Accueil","item":"https:\/\/www.centre-commercial.fr\/bab2\/"},{"@type":"ListItem","position":2,"name":"Boutiques","item":"https:\/\/www.centre-commercial.fr\/bab2\/boutiques\/"},{"@type":"ListItem","position":3,"name":"Nespresso","item":"https:\/\/www.centre-commercial.fr\/bab2\/boutique\/nespresso\/"}]},{"@type":"WebSite","@id":"https:\/\/www.centre-commercial.fr\/bab2\/#website","url":"https:\/\/www.centre-commercial.fr\/bab2\/","name":"Centre Commercial BAB2","description":"","publisher":{"@id":"https:\/\/www.centre-commercial.fr\/bab2\/#organization"},"potentialAction":[{"@type":"SearchAction","target":{"@type":"EntryPoint","urlTemplate":"https:\/\/www.centre-commercial.fr\/bab2\/?s={search_term_string}"},"query-input":{"@type":"PropertyValueSpecification","valueRequired":true,"valueName":"search_term_string"}}],"inLanguage":"fr-FR"},{"@type":"Organization","@id":"https:\/\/www.centre-commercial.fr\/bab2\/#organization","name":"Centre Commercial BAB2","url":"https:\/\/www.centre-commercial.fr\/bab2\/","logo":{"@type":"ImageObject","inLanguage":"fr-FR","@id":"https:\/\/www.centre-commercial.fr\/bab2\/#\/schema\/logo\/image\/","url":"https:\/\/www.centre-commercial.fr\/bab2\/wp-content\/uploads\/sites\/38\/2023\/03\/cropped-big-Logo-BAB2-avec-baseline-new.png","contentUrl":"https:\/\/www.centre-commercial.fr\/bab2\/wp-content\/uploads\/sites\/38\/2023\/03\/cropped-big-Logo-BAB2-avec-baseline-new.png","width":450,"height":144,"caption":"Centre Commercial BAB2"},"image":{"@id":"https:\/\/www.centre-commercial.fr\/bab2\/#\/schema\/logo\/image\/"}}]}</script>
<!-- / Yoast SEO plugin. -->

Nespresso est le pionnier et la référence en matière de café de haute qualité cultivé de façon plus durable.L’entreprise collabore avec plus de 130 000 fermes dans 18 pays dans le cadre du Plan Nespresso pour une qualité plus durable afin de favoriser des pratiques agricoles plus durables dans les fermes et leur écosystème.En 2022, Nespresso a obtenu la certification [&hellip;]
